Last updated on 2024-07-27 15:50:22 CEST.
Flavor | Version | Tinstall | Tcheck | Ttotal | Status | Flags |
---|---|---|---|---|---|---|
r-devel-linux-x86_64-debian-clang | 0.8.4 | 66.71 | 49.07 | 115.78 | NOTE | |
r-devel-linux-x86_64-debian-gcc | 0.8.4 | NOTE | ||||
r-devel-linux-x86_64-fedora-clang | 0.8.4 | 262.18 | NOTE | |||
r-devel-linux-x86_64-fedora-gcc | 0.8.4 | 184.27 | NOTE | |||
r-devel-windows-x86_64 | 0.8.4 | 59.00 | 93.00 | 152.00 | NOTE | |
r-patched-linux-x86_64 | 0.8.4 | NOTE | ||||
r-release-linux-x86_64 | 0.8.4 | 59.39 | 47.71 | 107.10 | NOTE | |
r-release-macos-arm64 | 0.8.4 | 55.00 | NOTE | |||
r-release-macos-x86_64 | 0.8.4 | 71.00 | NOTE | |||
r-release-windows-x86_64 | 0.8.4 | 85.00 | 91.00 | 176.00 | NOTE | |
r-oldrel-macos-arm64 | 0.8.4 | 57.00 | OK | |||
r-oldrel-macos-x86_64 | 0.8.4 | 109.00 | OK | |||
r-oldrel-windows-x86_64 | 0.8.4 | 61.00 | 97.00 | 158.00 | OK |
Version: 0.8.4
Check: Rd files
Result: NOTE
checkRd: (-1) laf_open.Rd:10: Lost braces; missing escapes or markup?
10 | \item{model}{a {data model}, such as one returned by \link{read_dm} or
| ^
Flavors: r-devel-linux-x86_64-debian-clang, r-devel-linux-x86_64-debian-gcc, r-devel-linux-x86_64-fedora-clang, r-devel-linux-x86_64-fedora-gcc, r-devel-windows-x86_64, r-patched-linux-x86_64, r-release-linux-x86_64, r-release-macos-arm64, r-release-macos-x86_64, r-release-windows-x86_64
These binaries (installable software) and packages are in development.
They may not be fully stable and should be used with caution. We make no claims about them.