Last updated on 2025-10-03 03:50:45 CEST.
Flavor | Version | Tinstall | Tcheck | Ttotal | Status | Flags |
---|---|---|---|---|---|---|
r-devel-linux-x86_64-debian-clang | 2.0.6 | 54.42 | 424.89 | 479.31 | OK | |
r-devel-linux-x86_64-debian-gcc | 2.0.6 | 36.23 | 289.38 | 325.61 | OK | |
r-devel-linux-x86_64-fedora-clang | 2.0.6 | 771.19 | OK | |||
r-devel-linux-x86_64-fedora-gcc | 2.0.6 | 780.51 | OK | |||
r-devel-windows-x86_64 | 2.0.6 | 65.00 | 450.00 | 515.00 | OK | |
r-patched-linux-x86_64 | 2.0.6 | 59.12 | 400.88 | 460.00 | OK | |
r-release-linux-x86_64 | 2.0.6 | 55.29 | 401.73 | 457.02 | OK | |
r-release-macos-arm64 | 2.0.6 | 192.00 | OK | |||
r-release-macos-x86_64 | 2.0.6 | 454.00 | OK | |||
r-release-windows-x86_64 | 2.0.6 | 66.00 | 481.00 | 547.00 | OK | |
r-oldrel-macos-arm64 | 2.0.6 | 189.00 | NOTE | |||
r-oldrel-macos-x86_64 | 2.0.6 | 466.00 | NOTE | |||
r-oldrel-windows-x86_64 | 2.0.6 | 75.00 | 602.00 | 677.00 | NOTE |
Version: 2.0.6
Check: installed package size
Result: NOTE
installed size is 7.9Mb
sub-directories of 1Mb or more:
doc 3.1Mb
libs 3.4Mb
Flavors: r-oldrel-macos-arm64, r-oldrel-macos-x86_64, r-oldrel-windows-x86_64
These binaries (installable software) and packages are in development.
They may not be fully stable and should be used with caution. We make no claims about them.