CRAN Package Check Results for Package LaMa

Last updated on 2025-07-24 03:50:02 CEST.

Flavor Version Tinstall Tcheck Ttotal Status Flags
r-devel-linux-x86_64-debian-clang 2.0.5 55.09 413.80 468.89 OK
r-devel-linux-x86_64-debian-gcc 2.0.5 38.44 275.56 314.00 OK
r-devel-linux-x86_64-fedora-clang 2.0.5 735.01 OK
r-devel-linux-x86_64-fedora-gcc 2.0.5 741.62 OK
r-devel-windows-x86_64 2.0.5 62.00 451.00 513.00 OK
r-patched-linux-x86_64 2.0.5 56.28 398.54 454.82 OK
r-release-linux-x86_64 2.0.5 53.56 397.25 450.81 OK
r-release-macos-arm64 2.0.5 199.00 OK
r-release-macos-x86_64 2.0.5 465.00 OK
r-release-windows-x86_64 2.0.5 62.00 463.00 525.00 OK
r-oldrel-macos-arm64 2.0.5 204.00 NOTE
r-oldrel-macos-x86_64 2.0.5 413.00 NOTE
r-oldrel-windows-x86_64 2.0.5 78.00 710.00 788.00 NOTE

Check Details

Version: 2.0.5
Check: installed package size
Result: NOTE installed size is 7.7Mb sub-directories of 1Mb or more: doc 3.1Mb libs 3.4Mb Flavors: r-oldrel-macos-arm64, r-oldrel-macos-x86_64, r-oldrel-windows-x86_64

These binaries (installable software) and packages are in development.
They may not be fully stable and should be used with caution. We make no claims about them.