Last updated on 2025-02-16 10:50:49 CET.
Flavor | Version | Tinstall | Tcheck | Ttotal | Status | Flags |
---|---|---|---|---|---|---|
r-devel-linux-x86_64-debian-clang | 2.0.3 | 51.93 | 388.83 | 440.76 | OK | |
r-devel-linux-x86_64-debian-gcc | 2.0.3 | 40.45 | 260.84 | 301.29 | OK | |
r-devel-linux-x86_64-fedora-clang | 2.0.3 | 743.53 | OK | |||
r-devel-linux-x86_64-fedora-gcc | 2.0.3 | 709.26 | OK | |||
r-devel-macos-arm64 | 2.0.3 | 156.00 | OK | |||
r-devel-macos-x86_64 | 2.0.3 | 389.00 | OK | |||
r-devel-windows-x86_64 | 2.0.3 | 55.00 | 431.00 | 486.00 | OK | |
r-patched-linux-x86_64 | 2.0.3 | 55.21 | 367.69 | 422.90 | OK | |
r-release-linux-x86_64 | 2.0.3 | 51.46 | 367.82 | 419.28 | OK | |
r-release-macos-arm64 | 2.0.3 | 207.00 | NOTE | |||
r-release-macos-x86_64 | 2.0.3 | 416.00 | NOTE | |||
r-release-windows-x86_64 | 2.0.3 | 56.00 | 440.00 | 496.00 | NOTE | |
r-oldrel-macos-arm64 | 2.0.2 | 189.00 | NOTE | |||
r-oldrel-macos-x86_64 | 2.0.3 | 454.00 | NOTE | |||
r-oldrel-windows-x86_64 | 2.0.3 | 69.00 | 539.00 | 608.00 | NOTE |
Version: 2.0.3
Check: installed package size
Result: NOTE
installed size is 7.2Mb
sub-directories of 1Mb or more:
doc 3.1Mb
libs 3.3Mb
Flavors: r-release-macos-arm64, r-release-macos-x86_64, r-release-windows-x86_64, r-oldrel-macos-x86_64, r-oldrel-windows-x86_64
Version: 2.0.2
Check: installed package size
Result: NOTE
installed size is 7.2Mb
sub-directories of 1Mb or more:
doc 3.1Mb
libs 3.3Mb
Flavor: r-oldrel-macos-arm64
These binaries (installable software) and packages are in development.
They may not be fully stable and should be used with caution. We make no claims about them.