Last updated on 2025-10-03 01:49:49 CEST.
Flavor | Version | Tinstall | Tcheck | Ttotal | Status | Flags |
---|---|---|---|---|---|---|
r-devel-linux-x86_64-debian-clang | 0.0.7 | 12.26 | 86.33 | 98.59 | NOTE | |
r-devel-linux-x86_64-debian-gcc | 0.0.7 | 8.41 | 58.18 | 66.59 | NOTE | |
r-devel-linux-x86_64-fedora-clang | 0.0.7 | 142.10 | NOTE | |||
r-devel-linux-x86_64-fedora-gcc | 0.0.7 | 134.57 | NOTE | |||
r-devel-windows-x86_64 | 0.0.7 | 14.00 | 87.00 | 101.00 | NOTE | |
r-patched-linux-x86_64 | 0.0.7 | 13.09 | 75.41 | 88.50 | NOTE | |
r-release-linux-x86_64 | 0.0.7 | 10.80 | 75.25 | 86.05 | NOTE | |
r-release-macos-arm64 | 0.0.7 | 31.00 | NOTE | |||
r-release-macos-x86_64 | 0.0.7 | 70.00 | OK | |||
r-release-windows-x86_64 | 0.0.7 | 13.00 | 87.00 | 100.00 | NOTE | |
r-oldrel-macos-arm64 | 0.0.7 | 36.00 | OK | |||
r-oldrel-macos-x86_64 | 0.0.7 | 61.00 | OK | |||
r-oldrel-windows-x86_64 | 0.0.7 | 19.00 | 110.00 | 129.00 | OK |
Version: 0.0.7
Check: DESCRIPTION meta-information
Result: NOTE
Missing dependency on R >= 4.1.0 because package code uses the pipe
|> or function shorthand \(...) syntax added in R 4.1.0.
File(s) using such syntax:
‘calculate_gaps_perc.Rd’ ‘get_cbh_metrics.Rd’ ‘get_cum_break.Rd’
‘get_depths.Rd’ ‘get_distance.Rd’ ‘get_effective_gap.Rd’
‘get_gaps_fbhs.Rd’ ‘get_layers_lad.Rd’ ‘get_real_depths.Rd’
‘get_real_fbh.Rd’
Flavors: r-devel-linux-x86_64-debian-clang, r-devel-linux-x86_64-debian-gcc, r-devel-linux-x86_64-fedora-clang, r-devel-linux-x86_64-fedora-gcc, r-devel-windows-x86_64, r-patched-linux-x86_64, r-release-linux-x86_64, r-release-macos-arm64, r-release-windows-x86_64
These binaries (installable software) and packages are in development.
They may not be fully stable and should be used with caution. We make no claims about them.