Last updated on 2025-07-01 21:52:01 CEST.
Flavor | Version | Tinstall | Tcheck | Ttotal | Status | Flags |
---|---|---|---|---|---|---|
r-devel-linux-x86_64-debian-clang | 0.1.1 | 5.37 | 34.72 | 40.09 | NOTE | |
r-devel-linux-x86_64-debian-gcc | 0.1.1 | 3.62 | 24.48 | 28.10 | NOTE | |
r-devel-linux-x86_64-fedora-clang | 0.1.1 | 62.98 | OK | |||
r-devel-linux-x86_64-fedora-gcc | 0.1.1 | 57.61 | OK | |||
r-devel-windows-x86_64 | 0.1.1 | 6.00 | 47.00 | 53.00 | OK | |
r-patched-linux-x86_64 | OK | |||||
r-release-linux-x86_64 | 0.1.1 | 4.13 | 31.75 | 35.88 | OK | |
r-release-macos-arm64 | 0.1.1 | 20.00 | OK | |||
r-release-macos-x86_64 | 0.1.1 | 35.00 | OK | |||
r-release-windows-x86_64 | 0.1.1 | 6.00 | 49.00 | 55.00 | OK | |
r-oldrel-macos-arm64 | 0.1.1 | 19.00 | OK | |||
r-oldrel-macos-x86_64 | 0.1.1 | 30.00 | OK | |||
r-oldrel-windows-x86_64 | 0.1.1 | 5.00 | 47.00 | 52.00 | OK |
Version: 0.1.1
Check: CRAN incoming feasibility
Result: NOTE
Maintainer: ‘Brian P. O'Connor <brian.oconnor@ubc.ca>’
No Authors@R field in DESCRIPTION.
Please add one, modifying
Authors@R: c(person(given = c("Zakary", "A.", "Draper", "&", "Brian", "P."),
family = "O'Connor",
role = "aut"),
person(given = c("Brian", "P."),
family = "O'Connor",
role = "cre",
email = "brian.oconnor@ubc.ca"))
as necessary.
Flavors: r-devel-linux-x86_64-debian-clang, r-devel-linux-x86_64-debian-gcc
These binaries (installable software) and packages are in development.
They may not be fully stable and should be used with caution. We make no claims about them.