Last updated on 2025-02-16 10:50:49 CET.
Flavor | Version | Tinstall | Tcheck | Ttotal | Status | Flags |
---|---|---|---|---|---|---|
r-devel-linux-x86_64-debian-clang | 12.0-0 | 37.02 | 85.52 | 122.54 | NOTE | |
r-devel-linux-x86_64-debian-gcc | 12.0-0 | 29.61 | 62.83 | 92.44 | NOTE | |
r-devel-linux-x86_64-fedora-clang | 12.0-0 | 201.46 | OK | |||
r-devel-linux-x86_64-fedora-gcc | 12.0-0 | 209.26 | OK | |||
r-devel-macos-arm64 | 12.0-0 | 79.00 | OK | |||
r-devel-macos-x86_64 | 12.0-0 | 149.00 | OK | |||
r-devel-windows-x86_64 | 12.0-0 | 40.00 | 119.00 | 159.00 | OK | |
r-patched-linux-x86_64 | 12.0-0 | 39.27 | 80.38 | 119.65 | OK | |
r-release-linux-x86_64 | 12.0-0 | 36.78 | 80.77 | 117.55 | OK | |
r-release-macos-arm64 | 12.0-0 | 84.00 | NOTE | |||
r-release-macos-x86_64 | 12.0-0 | 139.00 | NOTE | |||
r-release-windows-x86_64 | 12.0-0 | 37.00 | 119.00 | 156.00 | NOTE | |
r-oldrel-macos-arm64 | 12.0-0 | 86.00 | NOTE | |||
r-oldrel-macos-x86_64 | 12.0-0 | 125.00 | NOTE | |||
r-oldrel-windows-x86_64 | 12.0-0 | 48.00 | 137.00 | 185.00 | NOTE |
Version: 12.0-0
Check: for unstated dependencies in ‘demo’
Result: NOTE
'library' or 'require' call not declared from: ‘plyr’
Flavors: r-devel-linux-x86_64-debian-clang, r-devel-linux-x86_64-debian-gcc
Version: 12.0-0
Check: installed package size
Result: NOTE
installed size is 6.8Mb
sub-directories of 1Mb or more:
data 5.9Mb
Flavors: r-release-macos-arm64, r-release-macos-x86_64, r-release-windows-x86_64, r-oldrel-macos-arm64, r-oldrel-macos-x86_64, r-oldrel-windows-x86_64
These binaries (installable software) and packages are in development.
They may not be fully stable and should be used with caution. We make no claims about them.