CRAN Package Check Results for Package Lahman

Last updated on 2025-05-21 23:48:46 CEST.

Flavor Version Tinstall Tcheck Ttotal Status Flags
r-devel-linux-x86_64-debian-clang 12.0-0 39.49 88.51 128.00 NOTE
r-devel-linux-x86_64-debian-gcc 12.0-0 29.07 65.48 94.55 NOTE
r-devel-linux-x86_64-fedora-clang 12.0-0 201.96 OK
r-devel-linux-x86_64-fedora-gcc 12.0-0 212.35 OK
r-devel-windows-x86_64 12.0-0 40.00 119.00 159.00 OK
r-patched-linux-x86_64 12.0-0 38.76 83.75 122.51 NOTE
r-release-linux-x86_64 12.0-0 39.38 84.84 124.22 NOTE
r-release-macos-arm64 12.0-0 84.00 OK
r-release-macos-x86_64 12.0-0 134.00 OK
r-release-windows-x86_64 12.0-0 39.00 119.00 158.00 OK
r-oldrel-macos-arm64 12.0-0 84.00 NOTE
r-oldrel-macos-x86_64 12.0-0 139.00 NOTE
r-oldrel-windows-x86_64 12.0-0 51.00 138.00 189.00 NOTE

Check Details

Version: 12.0-0
Check: for unstated dependencies in ‘demo’
Result: NOTE 'library' or 'require' call not declared from: ‘plyr’ Flavors: r-devel-linux-x86_64-debian-clang, r-devel-linux-x86_64-debian-gcc, r-patched-linux-x86_64, r-release-linux-x86_64

Version: 12.0-0
Check: installed package size
Result: NOTE installed size is 6.8Mb sub-directories of 1Mb or more: data 5.9Mb Flavors: r-oldrel-macos-arm64, r-oldrel-macos-x86_64, r-oldrel-windows-x86_64

These binaries (installable software) and packages are in development.
They may not be fully stable and should be used with caution. We make no claims about them.