CRAN Package Check Results for Package LambertW

Last updated on 2025-06-28 21:49:29 CEST.

Flavor Version Tinstall Tcheck Ttotal Status Flags
r-devel-linux-x86_64-debian-clang 0.6.9-1 40.52 87.12 127.64 NOTE
r-devel-linux-x86_64-debian-gcc 0.6.9-1 28.24 60.98 89.22 NOTE
r-devel-linux-x86_64-fedora-clang 0.6.9-1 227.72 OK
r-devel-linux-x86_64-fedora-gcc 0.6.9-1 215.37 OK
r-devel-windows-x86_64 0.6.9-1 50.00 118.00 168.00 NOTE
r-patched-linux-x86_64 NOTE
r-release-linux-x86_64 0.6.9-1 40.86 80.70 121.56 NOTE
r-release-macos-arm64 0.6.9-1 82.00 OK
r-release-macos-x86_64 0.6.9-1 113.00 OK
r-release-windows-x86_64 0.6.9-1 51.00 118.00 169.00 NOTE
r-oldrel-macos-arm64 0.6.9-1 69.00 OK
r-oldrel-macos-x86_64 0.6.9-1 93.00 OK
r-oldrel-windows-x86_64 0.6.9-1 60.00 145.00 205.00 OK

Check Details

Version: 0.6.9-1
Check: Rd cross-references
Result: NOTE Found the following Rd file(s) with Rd \link{} targets missing package anchors: bootstrap.Rd: boot Please provide package anchors for all Rd \link{} targets not in the package itself and the base packages. Flavors: r-devel-linux-x86_64-debian-clang, r-devel-linux-x86_64-debian-gcc, r-devel-windows-x86_64, r-patched-linux-x86_64, r-release-linux-x86_64, r-release-windows-x86_64

These binaries (installable software) and packages are in development.
They may not be fully stable and should be used with caution. We make no claims about them.