CRAN Package Check Results for Package LassoGEE

Last updated on 2025-02-16 10:50:49 CET.

Flavor Version Tinstall Tcheck Ttotal Status Flags
r-devel-linux-x86_64-debian-clang 1.0 32.42 105.66 138.08 NOTE
r-devel-linux-x86_64-debian-gcc 1.0 24.65 74.15 98.80 NOTE
r-devel-linux-x86_64-fedora-clang 1.0 224.09 NOTE
r-devel-linux-x86_64-fedora-gcc 1.0 212.50 NOTE
r-devel-macos-arm64 1.0 55.00 NOTE
r-devel-macos-x86_64 1.0 103.00 NOTE
r-devel-windows-x86_64 1.0 32.00 123.00 155.00 NOTE
r-patched-linux-x86_64 1.0 28.79 95.32 124.11 NOTE
r-release-linux-x86_64 1.0 28.68 96.07 124.75 NOTE
r-release-macos-arm64 1.0 56.00 NOTE
r-release-macos-x86_64 1.0 81.00 NOTE
r-release-windows-x86_64 1.0 33.00 123.00 156.00 NOTE
r-oldrel-macos-arm64 1.0 68.00 NOTE
r-oldrel-macos-x86_64 1.0 110.00 NOTE
r-oldrel-windows-x86_64 1.0 45.00 142.00 187.00 NOTE

Check Details

Version: 1.0
Check: C++ specification
Result: NOTE Specified C++11: please drop specification unless essential Flavors: r-devel-linux-x86_64-debian-clang, r-devel-linux-x86_64-debian-gcc, r-devel-linux-x86_64-fedora-clang, r-devel-linux-x86_64-fedora-gcc, r-devel-macos-arm64, r-devel-macos-x86_64, r-devel-windows-x86_64, r-patched-linux-x86_64, r-release-linux-x86_64, r-release-macos-arm64, r-release-macos-x86_64, r-release-windows-x86_64, r-oldrel-macos-arm64, r-oldrel-macos-x86_64, r-oldrel-windows-x86_64

Version: 1.0
Check: LazyData
Result: NOTE 'LazyData' is specified without a 'data' directory Flavors: r-patched-linux-x86_64, r-release-linux-x86_64, r-release-macos-arm64, r-release-macos-x86_64, r-release-windows-x86_64, r-oldrel-macos-arm64, r-oldrel-macos-x86_64, r-oldrel-windows-x86_64

These binaries (installable software) and packages are in development.
They may not be fully stable and should be used with caution. We make no claims about them.