Last updated on 2024-07-27 15:50:22 CEST.
Flavor | Version | Tinstall | Tcheck | Ttotal | Status | Flags |
---|---|---|---|---|---|---|
r-devel-linux-x86_64-debian-clang | 8.4 | 14.67 | 383.42 | 398.09 | NOTE | |
r-devel-linux-x86_64-debian-gcc | 8.4 | NOTE | ||||
r-devel-linux-x86_64-fedora-clang | 8.4 | 456.30 | NOTE | |||
r-devel-linux-x86_64-fedora-gcc | 8.4 | 465.29 | NOTE | |||
r-devel-windows-x86_64 | 8.4 | 15.00 | 80.00 | 95.00 | NOTE | --no-examples --no-tests --no-vignettes |
r-patched-linux-x86_64 | 8.4 | NOTE | ||||
r-release-linux-x86_64 | 8.4 | 13.28 | 387.27 | 400.55 | NOTE | |
r-release-macos-arm64 | 8.4 | 168.00 | NOTE | |||
r-release-macos-x86_64 | 8.4 | 271.00 | NOTE | |||
r-release-windows-x86_64 | 8.4 | 15.00 | 84.00 | 99.00 | NOTE | --no-examples --no-tests --no-vignettes |
r-oldrel-macos-arm64 | 8.4 | 223.00 | NOTE | |||
r-oldrel-macos-x86_64 | 8.4 | 330.00 | NOTE | |||
r-oldrel-windows-x86_64 | 8.4 | 19.00 | 68.00 | 87.00 | NOTE | --no-examples --no-tests --no-vignettes |
Version: 8.4
Check: Rd files
Result: NOTE
checkRd: (-1) LKrig.MLE.Rd:114: Escaped LaTeX specials: \$ \$
checkRd: (-1) LKrig.MLE.Rd:115: Escaped LaTeX specials: \$
checkRd: (-1) VignetteExamples.Rd:25: Lost braces; missing escapes or markup?
25 | See Section 4 in the {LatticeKrig Vignette} for the use of these data.
| ^
Flavors: r-devel-linux-x86_64-debian-clang, r-devel-linux-x86_64-debian-gcc, r-devel-linux-x86_64-fedora-clang, r-devel-linux-x86_64-fedora-gcc, r-patched-linux-x86_64, r-release-linux-x86_64, r-release-macos-arm64, r-release-macos-x86_64
Version: 8.4
Check: Rd cross-references
Result: NOTE
Found the following Rd file(s) with Rd \link{} targets missing package
anchors:
LKDist.Rd: spind2spam, spind2full
LKrigSAR.Rd: spind2full
LatticeKrig.Rd: spind2spam
Please provide package anchors for all Rd \link{} targets not in the
package itself and the base packages.
Flavor: r-devel-linux-x86_64-debian-gcc
Version: 8.4
Flags: --no-examples --no-tests --no-vignettes
Check: Rd files
Result: NOTE
checkRd: (-1) LKrig.MLE.Rd:114: Escaped LaTeX specials: \$ \$
checkRd: (-1) LKrig.MLE.Rd:115: Escaped LaTeX specials: \$
checkRd: (-1) VignetteExamples.Rd:25: Lost braces; missing escapes or markup?
25 | See Section 4 in the {LatticeKrig Vignette} for the use of these data.
| ^
Flavors: r-devel-windows-x86_64, r-release-windows-x86_64
Version: 8.4
Flags: --no-examples --no-tests --no-vignettes
Check: Rd cross-references
Result: NOTE
Found the following Rd file(s) with Rd \link{} targets missing package
anchors:
LKDist.Rd: spind2spam, spind2full
LKrigSAR.Rd: spind2full
LatticeKrig.Rd: spind2spam
Please provide package anchors for all Rd \link{} targets not in the
package itself and the base packages.
Flavor: r-devel-windows-x86_64
Version: 8.4
Check: Rd files
Result: NOTE
checkRd: (-1) LKrig.MLE.Rd:114: Escaped LaTeX specials: \$ \$
checkRd: (-1) LKrig.MLE.Rd:115: Escaped LaTeX specials: \$
Flavors: r-oldrel-macos-arm64, r-oldrel-macos-x86_64
Version: 8.4
Flags: --no-examples --no-tests --no-vignettes
Check: Rd files
Result: NOTE
checkRd: (-1) LKrig.MLE.Rd:114: Escaped LaTeX specials: \$ \$
checkRd: (-1) LKrig.MLE.Rd:115: Escaped LaTeX specials: \$
Flavor: r-oldrel-windows-x86_64
These binaries (installable software) and packages are in development.
They may not be fully stable and should be used with caution. We make no claims about them.