CRAN Package Check Results for Package LeafArea

Last updated on 2025-11-11 15:50:37 CET.

Flavor Version Tinstall Tcheck Ttotal Status Flags
r-devel-linux-x86_64-debian-clang 0.1.8 1.81 20.38 22.19 NOTE
r-devel-linux-x86_64-debian-gcc 0.1.8 1.55 16.96 18.51 NOTE
r-devel-linux-x86_64-fedora-clang 0.1.8 34.10 OK
r-devel-linux-x86_64-fedora-gcc 0.1.8 32.25 OK
r-devel-windows-x86_64 0.1.8 3.00 41.00 44.00 OK
r-patched-linux-x86_64 0.1.8 1.96 19.44 21.40 OK
r-release-linux-x86_64 0.1.8 1.73 19.79 21.52 OK
r-release-macos-arm64 0.1.8 1.00 15.00 16.00 OK
r-release-macos-x86_64 0.1.8 3.00 27.00 30.00 OK
r-release-windows-x86_64 0.1.8 4.00 38.00 42.00 OK
r-oldrel-macos-arm64 0.1.8 1.00 14.00 15.00 OK
r-oldrel-macos-x86_64 0.1.8 2.00 19.00 21.00 OK
r-oldrel-windows-x86_64 0.1.8 2.00 40.00 42.00 OK

Check Details

Version: 0.1.8
Check: CRAN incoming feasibility
Result: NOTE Maintainer: ‘Masatoshi Katabuchi <mattocci27@gmail.com>’ No Authors@R field in DESCRIPTION. Please add one, modifying Authors@R: person(given = "Masatoshi", family = "Katabuchi", role = c("aut", "cre"), email = "mattocci27@gmail.com") as necessary. Package CITATION file contains call(s) to old-style citEntry(). Please use bibentry() instead. Flavors: r-devel-linux-x86_64-debian-clang, r-devel-linux-x86_64-debian-gcc

These binaries (installable software) and packages are in development.
They may not be fully stable and should be used with caution. We make no claims about them.