Last updated on 2025-05-08 04:52:09 CEST.
Flavor | Version | Tinstall | Tcheck | Ttotal | Status | Flags |
---|---|---|---|---|---|---|
r-devel-linux-x86_64-debian-clang | 0.1.8 | 1.95 | 18.90 | 20.85 | NOTE | |
r-devel-linux-x86_64-debian-gcc | 0.1.8 | 1.41 | 15.51 | 16.92 | NOTE | |
r-devel-linux-x86_64-fedora-clang | 0.1.8 | 31.87 | OK | |||
r-devel-linux-x86_64-fedora-gcc | 0.1.8 | 30.59 | OK | |||
r-devel-windows-x86_64 | 0.1.8 | 3.00 | 40.00 | 43.00 | OK | |
r-patched-linux-x86_64 | 0.1.8 | 2.05 | 18.23 | 20.28 | OK | |
r-release-linux-x86_64 | 0.1.8 | 1.79 | 18.25 | 20.04 | OK | |
r-release-macos-arm64 | 0.1.8 | 16.00 | OK | |||
r-release-macos-x86_64 | 0.1.8 | 30.00 | OK | |||
r-release-windows-x86_64 | 0.1.8 | 2.00 | 42.00 | 44.00 | OK | |
r-oldrel-macos-arm64 | 0.1.8 | 15.00 | OK | |||
r-oldrel-macos-x86_64 | 0.1.8 | 21.00 | OK | |||
r-oldrel-windows-x86_64 | 0.1.8 | 2.00 | 40.00 | 42.00 | OK |
Version: 0.1.8
Check: CRAN incoming feasibility
Result: NOTE
Maintainer: ‘Masatoshi Katabuchi <mattocci27@gmail.com>’
No Authors@R field in DESCRIPTION.
Please add one, modifying
Authors@R: person(given = "Masatoshi",
family = "Katabuchi",
role = c("aut", "cre"),
email = "mattocci27@gmail.com")
as necessary.
Package CITATION file contains call(s) to old-style citEntry(). Please
use bibentry() instead.
Flavors: r-devel-linux-x86_64-debian-clang, r-devel-linux-x86_64-debian-gcc
These binaries (installable software) and packages are in development.
They may not be fully stable and should be used with caution. We make no claims about them.