Last updated on 2025-05-01 12:49:32 CEST.
Flavor | Version | Tinstall | Tcheck | Ttotal | Status | Flags |
---|---|---|---|---|---|---|
r-devel-linux-x86_64-debian-clang | 2.15.1 | 4.65 | 54.35 | 59.00 | NOTE | |
r-devel-linux-x86_64-debian-gcc | 2.15.1 | 3.04 | 41.17 | 44.21 | NOTE | |
r-devel-linux-x86_64-fedora-clang | 2.15.1 | 89.42 | OK | |||
r-devel-linux-x86_64-fedora-gcc | 2.15.1 | 99.70 | OK | |||
r-devel-windows-x86_64 | 2.15.1 | 6.00 | 124.00 | 130.00 | OK | |
r-patched-linux-x86_64 | 2.15.1 | 5.68 | 51.55 | 57.23 | NOTE | |
r-release-linux-x86_64 | NOTE | |||||
r-release-macos-arm64 | 2.15.1 | 42.00 | OK | |||
r-release-macos-x86_64 | 2.15.1 | 82.00 | OK | |||
r-release-windows-x86_64 | 2.15.1 | 7.00 | 124.00 | 131.00 | OK | |
r-oldrel-macos-arm64 | 2.15.1 | 47.00 | OK | |||
r-oldrel-macos-x86_64 | 2.15.1 | 72.00 | OK | |||
r-oldrel-windows-x86_64 | 2.15.1 | 5.00 | 120.00 | 125.00 | OK |
Version: 2.15.1
Check: CRAN incoming feasibility
Result: NOTE
Maintainer: ‘Jim Albert <albert@bgsu.edu>’
No Authors@R field in DESCRIPTION.
Please add one, modifying
Authors@R: person(given = "Jim",
family = "Albert",
role = c("aut", "cre"),
email = "albert@bgsu.edu")
as necessary.
Flavors: r-devel-linux-x86_64-debian-clang, r-devel-linux-x86_64-debian-gcc
Version: 2.15.1
Check: for unstated dependencies in ‘demo’
Result: NOTE
'library' or 'require' calls not declared from:
‘coda’ ‘lattice’ ‘survival’
Flavors: r-devel-linux-x86_64-debian-clang, r-devel-linux-x86_64-debian-gcc, r-patched-linux-x86_64, r-release-linux-x86_64
These binaries (installable software) and packages are in development.
They may not be fully stable and should be used with caution. We make no claims about them.