Last updated on 2025-05-01 14:49:13 CEST.
Flavor | Version | Tinstall | Tcheck | Ttotal | Status | Flags |
---|---|---|---|---|---|---|
r-devel-linux-x86_64-debian-clang | 1.7 | 5.18 | 29.83 | 35.01 | NOTE | |
r-devel-linux-x86_64-debian-gcc | 1.7 | 4.06 | 22.78 | 26.84 | NOTE | |
r-devel-linux-x86_64-fedora-clang | 1.7 | 53.69 | NOTE | |||
r-devel-linux-x86_64-fedora-gcc | 1.7 | 53.41 | NOTE | |||
r-devel-windows-x86_64 | 1.7 | 10.00 | 61.00 | 71.00 | NOTE | |
r-patched-linux-x86_64 | 1.7 | 5.37 | 28.62 | 33.99 | NOTE | |
r-release-linux-x86_64 | NOTE | |||||
r-release-macos-arm64 | 1.7 | 24.00 | NOTE | |||
r-release-macos-x86_64 | 1.7 | 40.00 | NOTE | |||
r-release-windows-x86_64 | 1.7 | 12.00 | 63.00 | 75.00 | NOTE | |
r-oldrel-macos-arm64 | 1.7 | 24.00 | NOTE | |||
r-oldrel-macos-x86_64 | 1.7 | 30.00 | NOTE | |||
r-oldrel-windows-x86_64 | 1.7 | 10.00 | 65.00 | 75.00 | NOTE |
Version: 1.7
Check: CRAN incoming feasibility
Result: NOTE
Maintainer: ‘Jiechao Xiong <xiongjiechao@pku.edu.cn>’
No Authors@R field in DESCRIPTION.
Please add one, modifying
Authors@R: c(person(given = "Feng",
family = "Ruan",
role = "aut"),
person(given = "Jiechao",
family = "Xiong",
role = c("aut", "cre"),
email = "xiongjiechao@pku.edu.cn"),
person(given = "Yuan",
family = "Yao",
role = "aut"))
as necessary.
Flavors: r-devel-linux-x86_64-debian-clang, r-devel-linux-x86_64-debian-gcc
Version: 1.7
Check: Rd files
Result: NOTE
checkRd: (-1) isingdata.Rd:14: Lost braces; missing escapes or markup?
14 | \item{X}{a 5000-by-100 matrix, each entry is in {-1,1}.}
| ^
checkRd: (-1) predict.lb.Rd:16: Escaped LaTeX specials: \$
Flavors: r-devel-linux-x86_64-debian-clang, r-devel-linux-x86_64-debian-gcc, r-devel-linux-x86_64-fedora-clang, r-devel-linux-x86_64-fedora-gcc, r-devel-windows-x86_64, r-patched-linux-x86_64, r-release-linux-x86_64, r-release-macos-arm64, r-release-macos-x86_64, r-release-windows-x86_64, r-oldrel-macos-arm64, r-oldrel-macos-x86_64, r-oldrel-windows-x86_64
These binaries (installable software) and packages are in development.
They may not be fully stable and should be used with caution. We make no claims about them.