Last updated on 2025-11-13 21:50:00 CET.
| Flavor | Version | Tinstall | Tcheck | Ttotal | Status | Flags |
|---|---|---|---|---|---|---|
| r-devel-linux-x86_64-debian-clang | 1.0-1 | 24.68 | 118.22 | 142.90 | NOTE | |
| r-devel-linux-x86_64-debian-gcc | 1.0-1 | 16.25 | 79.16 | 95.41 | NOTE | |
| r-devel-linux-x86_64-fedora-clang | 1.0-1 | 122.00 | 125.02 | 247.02 | OK | |
| r-devel-linux-x86_64-fedora-gcc | 1.0-1 | 125.00 | 104.44 | 229.44 | OK | |
| r-devel-windows-x86_64 | 1.0-1 | 23.00 | 109.00 | 132.00 | OK | |
| r-patched-linux-x86_64 | 1.0-1 | 24.45 | 110.27 | 134.72 | OK | |
| r-release-linux-x86_64 | 1.0-1 | 23.91 | 109.75 | 133.66 | OK | |
| r-release-macos-arm64 | 1.0-1 | 10.00 | 42.00 | 52.00 | OK | |
| r-release-macos-x86_64 | 1.0-1 | 20.00 | 71.00 | 91.00 | OK | |
| r-release-windows-x86_64 | 1.0-1 | 22.00 | 109.00 | 131.00 | OK | |
| r-oldrel-macos-arm64 | 1.0-1 | 9.00 | 38.00 | 47.00 | OK | |
| r-oldrel-macos-x86_64 | 1.0-1 | 15.00 | 59.00 | 74.00 | OK | |
| r-oldrel-windows-x86_64 | 1.0-1 | 35.00 | 136.00 | 171.00 | OK |
Version: 1.0-1
Check: CRAN incoming feasibility
Result: NOTE
Maintainer: ‘Ruben H. Roa-Ureta <ruben.roa.ureta@mail.com>’
No Authors@R field in DESCRIPTION.
Please add one, modifying
Authors@R: person(given = c("Ruben", "H."),
family = "Roa-Ureta",
role = c("aut", "cre"),
email = "ruben.roa.ureta@mail.com")
as necessary.
Flavors: r-devel-linux-x86_64-debian-clang, r-devel-linux-x86_64-debian-gcc
These binaries (installable software) and packages are in development.
They may not be fully stable and should be used with caution. We make no claims about them.