CRAN Package Check Results for Package LifeTables

Last updated on 2025-02-16 10:50:49 CET.

Flavor Version Tinstall Tcheck Ttotal Status Flags
r-devel-linux-x86_64-debian-clang 1.0 2.70 24.77 27.47 NOTE
r-devel-linux-x86_64-debian-gcc 1.0 1.85 18.60 20.45 NOTE
r-devel-linux-x86_64-fedora-clang 1.0 46.48 OK
r-devel-linux-x86_64-fedora-gcc 1.0 43.09 OK
r-devel-macos-arm64 1.0 19.00 OK
r-devel-macos-x86_64 1.0 32.00 OK
r-devel-windows-x86_64 1.0 5.00 47.00 52.00 NOTE
r-patched-linux-x86_64 1.0 3.45 23.23 26.68 NOTE
r-release-linux-x86_64 1.0 2.24 23.16 25.40 NOTE
r-release-macos-arm64 1.0 20.00 NOTE
r-release-macos-x86_64 1.0 24.00 NOTE
r-release-windows-x86_64 1.0 3.00 47.00 50.00 NOTE
r-oldrel-macos-arm64 1.0 21.00 NOTE
r-oldrel-macos-x86_64 1.0 26.00 NOTE
r-oldrel-windows-x86_64 1.0 5.00 49.00 54.00 NOTE

Check Details

Version: 1.0
Check: Rd cross-references
Result: NOTE Found the following Rd file(s) with Rd \link{} targets missing package anchors: hmd.DA.Rd: MclustDA, Mclust hmd.DA.mx.Rd: MclustDA, Mclust Please provide package anchors for all Rd \link{} targets not in the package itself and the base packages. Flavors: r-devel-linux-x86_64-debian-clang, r-devel-linux-x86_64-debian-gcc, r-devel-windows-x86_64

Version: 1.0
Check: package dependencies
Result: NOTE Packages suggested but not available for checking: 'gWidgets', 'gWidgetsRGtk2', 'RGtk2' Flavors: r-patched-linux-x86_64, r-release-linux-x86_64, r-release-macos-arm64, r-release-macos-x86_64, r-release-windows-x86_64, r-oldrel-macos-arm64, r-oldrel-macos-x86_64, r-oldrel-windows-x86_64

These binaries (installable software) and packages are in development.
They may not be fully stable and should be used with caution. We make no claims about them.