CRAN Package Check Results for Package LightningR

Last updated on 2025-02-16 10:50:49 CET.

Flavor Version Tinstall Tcheck Ttotal Status Flags
r-devel-linux-x86_64-debian-clang 1.0.2 3.71 23.34 27.05 NOTE
r-devel-linux-x86_64-debian-gcc 1.0.2 2.14 18.39 20.53 NOTE
r-devel-linux-x86_64-fedora-clang 1.0.2 43.52 OK
r-devel-linux-x86_64-fedora-gcc 1.0.2 40.49 OK
r-devel-macos-arm64 1.0.2 18.00 OK
r-devel-macos-x86_64 1.0.2 38.00 OK
r-devel-windows-x86_64 1.0.2 4.00 50.00 54.00 NOTE
r-patched-linux-x86_64 1.0.2 5.67 22.30 27.97 OK
r-release-linux-x86_64 1.0.2 3.48 22.27 25.75 OK
r-release-macos-arm64 1.0.2 17.00 OK
r-release-macos-x86_64 1.0.2 31.00 OK
r-release-windows-x86_64 1.0.2 5.00 44.00 49.00 OK
r-oldrel-macos-arm64 1.0.2 21.00 OK
r-oldrel-macos-x86_64 1.0.2 25.00 OK
r-oldrel-windows-x86_64 1.0.2 6.00 47.00 53.00 OK

Check Details

Version: 1.0.2
Check: Rd cross-references
Result: NOTE Found the following Rd file(s) with Rd \link{} targets missing package anchors: Lightning.Rd: R6Class Please provide package anchors for all Rd \link{} targets not in the package itself and the base packages. Flavors: r-devel-linux-x86_64-debian-clang, r-devel-linux-x86_64-debian-gcc, r-devel-windows-x86_64

These binaries (installable software) and packages are in development.
They may not be fully stable and should be used with caution. We make no claims about them.