Last updated on 2025-10-23 11:50:17 CEST.
Flavor | Version | Tinstall | Tcheck | Ttotal | Status | Flags |
---|---|---|---|---|---|---|
r-devel-linux-x86_64-debian-clang | 1.2.0 | 24.54 | 105.61 | 130.15 | NOTE | |
r-devel-linux-x86_64-debian-gcc | 1.2.0 | 14.61 | 73.19 | 87.80 | OK | |
r-devel-linux-x86_64-fedora-clang | 1.2.0 | 134.00 | 86.13 | 220.13 | OK | |
r-devel-linux-x86_64-fedora-gcc | 1.2.0 | 61.00 | 153.14 | 214.14 | OK | |
r-devel-windows-x86_64 | 1.2.0 | 31.00 | 137.00 | 168.00 | OK | |
r-patched-linux-x86_64 | 1.2.0 | 23.85 | 100.69 | 124.54 | OK | |
r-release-linux-x86_64 | 1.2.0 | 24.55 | 100.87 | 125.42 | OK | |
r-release-macos-arm64 | 1.2.0 | 11.00 | 64.00 | 75.00 | OK | |
r-release-macos-x86_64 | 1.2.0 | 19.00 | 144.00 | 163.00 | OK | |
r-release-windows-x86_64 | 1.2.0 | 32.00 | 158.00 | 190.00 | OK | |
r-oldrel-macos-arm64 | 1.2.0 | 10.00 | 58.00 | 68.00 | OK | |
r-oldrel-macos-x86_64 | 1.2.0 | 25.00 | 111.00 | 136.00 | OK | |
r-oldrel-windows-x86_64 | 1.2.0 | 40.00 | 181.00 | 221.00 | OK |
Version: 1.2.0
Check: HTML version of manual
Result: NOTE
Found the following HTML validation problems:
makeItemsScale.html:92:1 (makeItemsScale.Rd:54): Warning: <h4> anchor "alpha" already defined
makeItemsScale.html:106:1 (makeItemsScale.Rd:66): Warning: <h4> anchor "variance" already defined
Flavor: r-devel-linux-x86_64-debian-clang
These binaries (installable software) and packages are in development.
They may not be fully stable and should be used with caution. We make no claims about them.