Last updated on 2025-11-12 12:53:14 CET.
| Flavor | Version | Tinstall | Tcheck | Ttotal | Status | Flags |
|---|---|---|---|---|---|---|
| r-devel-linux-x86_64-debian-clang | 1.2.2 | 12.58 | 98.96 | 111.54 | NOTE | |
| r-devel-linux-x86_64-debian-gcc | 1.2.2 | 8.56 | 70.87 | 79.43 | NOTE | |
| r-devel-linux-x86_64-fedora-clang | 1.2.2 | 24.00 | 144.68 | 168.68 | NOTE | |
| r-devel-linux-x86_64-fedora-gcc | 1.2.2 | 47.00 | 122.47 | 169.47 | NOTE | |
| r-devel-windows-x86_64 | 1.2.2 | 14.00 | 104.00 | 118.00 | OK | |
| r-patched-linux-x86_64 | 1.2.2 | 11.52 | 93.47 | 104.99 | OK | |
| r-release-linux-x86_64 | 1.2.2 | 12.13 | 95.19 | 107.32 | OK | |
| r-release-macos-arm64 | 1.2.2 | 5.00 | 38.00 | 43.00 | OK | |
| r-release-macos-x86_64 | 1.2.2 | 11.00 | 77.00 | 88.00 | OK | |
| r-release-windows-x86_64 | 1.2.2 | 12.00 | 102.00 | 114.00 | OK | |
| r-oldrel-macos-arm64 | 1.2.2 | 5.00 | 36.00 | 41.00 | OK | |
| r-oldrel-macos-x86_64 | 1.2.2 | 7.00 | 60.00 | 67.00 | OK | |
| r-oldrel-windows-x86_64 | 1.2.2 | 17.00 | 135.00 | 152.00 | OK |
Version: 1.2.2
Check: CRAN incoming feasibility
Result: NOTE
Maintainer: ‘Travis Barton <travisdatabarton@gmail.com>’
No Authors@R field in DESCRIPTION.
Please add one, modifying
Authors@R: person(given = "Travis",
family = "Barton",
role = c("aut", "cre"),
email = "travisdatabarton@gmail.com",
comment = "2018")
as necessary.
Flavors: r-devel-linux-x86_64-debian-clang, r-devel-linux-x86_64-debian-gcc
Version: 1.2.2
Check: dependencies in R code
Result: NOTE
Namespaces in Imports field not imported from:
‘SnowballC’ ‘data.table’ ‘e1071’ ‘fastmatch’
All declared Imports should be used.
Flavors: r-devel-linux-x86_64-fedora-clang, r-devel-linux-x86_64-fedora-gcc
These binaries (installable software) and packages are in development.
They may not be fully stable and should be used with caution. We make no claims about them.