CRAN Package Check Results for Package LilRhino

Last updated on 2025-05-08 04:52:09 CEST.

Flavor Version Tinstall Tcheck Ttotal Status Flags
r-devel-linux-x86_64-debian-clang 1.2.2 11.23 90.85 102.08 NOTE
r-devel-linux-x86_64-debian-gcc 1.2.2 8.08 63.00 71.08 NOTE
r-devel-linux-x86_64-fedora-clang 1.2.2 146.79 NOTE
r-devel-linux-x86_64-fedora-gcc 1.2.2 149.43 NOTE
r-devel-windows-x86_64 1.2.2 12.00 96.00 108.00 OK
r-patched-linux-x86_64 1.2.2 11.38 83.53 94.91 OK
r-release-linux-x86_64 1.2.2 10.12 82.87 92.99 OK
r-release-macos-arm64 1.2.2 43.00 OK
r-release-macos-x86_64 1.2.2 88.00 OK
r-release-windows-x86_64 1.2.2 12.00 98.00 110.00 OK
r-oldrel-macos-arm64 1.2.2 41.00 OK
r-oldrel-macos-x86_64 1.2.2 67.00 OK
r-oldrel-windows-x86_64 1.2.2 16.00 119.00 135.00 OK

Check Details

Version: 1.2.2
Check: CRAN incoming feasibility
Result: NOTE Maintainer: ‘Travis Barton <travisdatabarton@gmail.com>’ No Authors@R field in DESCRIPTION. Please add one, modifying Authors@R: person(given = "Travis", family = "Barton", role = c("aut", "cre"), email = "travisdatabarton@gmail.com", comment = "2018") as necessary. Flavors: r-devel-linux-x86_64-debian-clang, r-devel-linux-x86_64-debian-gcc

Version: 1.2.2
Check: dependencies in R code
Result: NOTE Namespaces in Imports field not imported from: ‘SnowballC’ ‘data.table’ ‘e1071’ ‘fastmatch’ All declared Imports should be used. Flavors: r-devel-linux-x86_64-fedora-clang, r-devel-linux-x86_64-fedora-gcc

These binaries (installable software) and packages are in development.
They may not be fully stable and should be used with caution. We make no claims about them.