Last updated on 2025-11-11 15:50:37 CET.
| Flavor | Version | Tinstall | Tcheck | Ttotal | Status | Flags |
|---|---|---|---|---|---|---|
| r-devel-linux-x86_64-debian-clang | 1.0 | 1.65 | 20.32 | 21.97 | OK | |
| r-devel-linux-x86_64-debian-gcc | 1.0 | 1.28 | 16.34 | 17.62 | OK | |
| r-devel-linux-x86_64-fedora-clang | 1.0 | 35.23 | OK | |||
| r-devel-linux-x86_64-fedora-gcc | 1.0 | 13.00 | 20.60 | 33.60 | OK | |
| r-devel-windows-x86_64 | 1.0 | 2.00 | 35.00 | 37.00 | OK | |
| r-patched-linux-x86_64 | 1.0 | 1.42 | 19.42 | 20.84 | OK | |
| r-release-linux-x86_64 | 1.0 | 1.60 | 19.49 | 21.09 | OK | |
| r-release-macos-arm64 | 1.0 | 1.00 | 12.00 | 13.00 | OK | |
| r-release-macos-x86_64 | 1.0 | 1.00 | 22.00 | 23.00 | OK | |
| r-release-windows-x86_64 | 1.0 | 2.00 | 34.00 | 36.00 | OK | |
| r-oldrel-macos-arm64 | 1.0 | 1.00 | 12.00 | 13.00 | NOTE | |
| r-oldrel-macos-x86_64 | 1.0 | 1.00 | 20.00 | 21.00 | NOTE | |
| r-oldrel-windows-x86_64 | 1.0 | 3.00 | 36.00 | 39.00 | NOTE |
Version: 1.0
Check: LazyData
Result: NOTE
'LazyData' is specified without a 'data' directory
Flavors: r-oldrel-macos-arm64, r-oldrel-macos-x86_64, r-oldrel-windows-x86_64
These binaries (installable software) and packages are in development.
They may not be fully stable and should be used with caution. We make no claims about them.