CRAN Package Check Results for Package LipidMS

Last updated on 2025-07-02 03:50:44 CEST.

Flavor Version Tinstall Tcheck Ttotal Status Flags
r-devel-linux-x86_64-debian-clang 3.0.5 25.64 130.80 156.44 NOTE
r-devel-linux-x86_64-debian-gcc 3.0.5 16.44 85.61 102.05 NOTE
r-devel-linux-x86_64-fedora-clang 3.0.5 263.24 OK
r-devel-linux-x86_64-fedora-gcc 3.0.5 247.96 OK
r-devel-windows-x86_64 3.0.5 33.00 154.00 187.00 OK
r-patched-linux-x86_64 OK
r-release-linux-x86_64 3.0.5 24.20 120.23 144.43 OK
r-release-macos-arm64 3.0.5 79.00 OK
r-release-macos-x86_64 3.0.5 122.00 OK
r-release-windows-x86_64 3.0.5 31.00 154.00 185.00 OK
r-oldrel-macos-arm64 3.0.5 65.00 OK
r-oldrel-macos-x86_64 3.0.5 100.00 OK
r-oldrel-windows-x86_64 3.0.5 40.00 191.00 231.00 OK

Additional issues

rchk

Check Details

Version: 3.0.5
Check: CRAN incoming feasibility
Result: NOTE Maintainer: ‘M Isabel Alcoriza-Balaguer <maribel_alcoriza@iislafe.es>’ No Authors@R field in DESCRIPTION. Please add one, modifying Authors@R: person(given = c("M", "Isabel"), family = "Alcoriza-Balaguer", role = c("aut", "cre"), email = "maribel_alcoriza@iislafe.es") as necessary. Flavors: r-devel-linux-x86_64-debian-clang, r-devel-linux-x86_64-debian-gcc

These binaries (installable software) and packages are in development.
They may not be fully stable and should be used with caution. We make no claims about them.