Last updated on 2025-02-16 10:50:49 CET.
Flavor | Version | Tinstall | Tcheck | Ttotal | Status | Flags |
---|---|---|---|---|---|---|
r-devel-linux-x86_64-debian-clang | 1.0.1 | 7.59 | 89.11 | 96.70 | OK | |
r-devel-linux-x86_64-debian-gcc | 1.0.1 | 5.86 | 67.89 | 73.75 | OK | |
r-devel-linux-x86_64-fedora-clang | 1.0.1 | 158.80 | NOTE | |||
r-devel-linux-x86_64-fedora-gcc | 1.0.1 | 169.18 | NOTE | |||
r-devel-macos-arm64 | 1.0.1 | 48.00 | OK | |||
r-devel-macos-x86_64 | 1.0.1 | 93.00 | OK | |||
r-devel-windows-x86_64 | 1.0.1 | 9.00 | 100.00 | 109.00 | OK | |
r-patched-linux-x86_64 | 1.0.1 | 6.08 | 84.15 | 90.23 | OK | |
r-release-linux-x86_64 | 1.0.1 | 7.44 | 85.76 | 93.20 | OK | |
r-release-macos-arm64 | 1.0.1 | 50.00 | OK | |||
r-release-macos-x86_64 | 1.0.1 | 105.00 | OK | |||
r-release-windows-x86_64 | 1.0.1 | 10.00 | 97.00 | 107.00 | OK | |
r-oldrel-macos-arm64 | 1.0.1 | 48.00 | OK | |||
r-oldrel-macos-x86_64 | 1.0.1 | 100.00 | OK | |||
r-oldrel-windows-x86_64 | 1.0.1 | 11.00 | 135.00 | 146.00 | OK |
Version: 1.0.1
Check: dependencies in R code
Result: NOTE
Namespaces in Imports field not imported from:
‘itertools’ ‘knitr’ ‘utils’
All declared Imports should be used.
Flavors: r-devel-linux-x86_64-fedora-clang, r-devel-linux-x86_64-fedora-gcc
These binaries (installable software) and packages are in development.
They may not be fully stable and should be used with caution. We make no claims about them.