Last updated on 2025-05-03 22:49:58 CEST.
Flavor | Version | Tinstall | Tcheck | Ttotal | Status | Flags |
---|---|---|---|---|---|---|
r-devel-linux-x86_64-debian-clang | 1.0 | 2.92 | 55.91 | 58.83 | OK | |
r-devel-linux-x86_64-debian-gcc | 1.0 | 2.02 | 39.67 | 41.69 | OK | |
r-devel-linux-x86_64-fedora-clang | 1.0 | 95.34 | NOTE | |||
r-devel-linux-x86_64-fedora-gcc | 1.0 | 110.69 | NOTE | |||
r-devel-windows-x86_64 | 1.0 | 4.00 | 80.00 | 84.00 | OK | |
r-patched-linux-x86_64 | 1.0 | 2.99 | 54.49 | 57.48 | OK | |
r-release-linux-x86_64 | OK | |||||
r-release-macos-arm64 | 1.0 | 38.00 | OK | |||
r-release-macos-x86_64 | 1.0 | 75.00 | OK | |||
r-release-windows-x86_64 | 1.0 | 4.00 | 78.00 | 82.00 | OK | |
r-oldrel-macos-arm64 | 1.0 | 35.00 | OK | |||
r-oldrel-macos-x86_64 | 1.0 | 59.00 | OK | |||
r-oldrel-windows-x86_64 | 1.0 | 5.00 | 93.00 | 98.00 | OK |
Version: 1.0
Check: dependencies in R code
Result: NOTE
Namespaces in Imports field not imported from:
‘RColorBrewer’ ‘base’ ‘qpdf’
All declared Imports should be used.
Flavors: r-devel-linux-x86_64-fedora-clang, r-devel-linux-x86_64-fedora-gcc
These binaries (installable software) and packages are in development.
They may not be fully stable and should be used with caution. We make no claims about them.