Last updated on 2025-07-26 00:49:08 CEST.
Flavor | Version | Tinstall | Tcheck | Ttotal | Status | Flags |
---|---|---|---|---|---|---|
r-devel-linux-x86_64-debian-clang | 0.0.2 | 123.81 | 62.56 | 186.37 | OK | |
r-devel-linux-x86_64-debian-gcc | 0.0.2 | 95.84 | 47.53 | 143.37 | OK | |
r-devel-linux-x86_64-fedora-clang | 0.0.2 | 275.56 | OK | |||
r-devel-linux-x86_64-fedora-gcc | 0.0.2 | 372.94 | OK | |||
r-devel-windows-x86_64 | 0.0.2 | 116.00 | 103.00 | 219.00 | OK | |
r-patched-linux-x86_64 | 0.0.2 | 134.44 | 61.04 | 195.48 | OK | |
r-release-linux-x86_64 | 0.0.2 | 131.56 | 61.52 | 193.08 | OK | |
r-release-macos-arm64 | 0.0.2 | 119.00 | OK | |||
r-release-macos-x86_64 | 0.0.2 | 201.00 | OK | |||
r-release-windows-x86_64 | 0.0.2 | 115.00 | 107.00 | 222.00 | OK | |
r-oldrel-macos-arm64 | 0.0.2 | 103.00 | NOTE | |||
r-oldrel-macos-x86_64 | 0.0.2 | 208.00 | NOTE | |||
r-oldrel-windows-x86_64 | 0.0.2 | 140.00 | 132.00 | 272.00 | NOTE |
Version: 0.0.2
Check: installed package size
Result: NOTE
installed size is 65.4Mb
sub-directories of 1Mb or more:
libs 65.0Mb
Flavors: r-oldrel-macos-arm64, r-oldrel-macos-x86_64, r-oldrel-windows-x86_64
These binaries (installable software) and packages are in development.
They may not be fully stable and should be used with caution. We make no claims about them.