Last updated on 2025-05-01 14:49:14 CEST.
Flavor | Version | Tinstall | Tcheck | Ttotal | Status | Flags |
---|---|---|---|---|---|---|
r-devel-linux-x86_64-debian-clang | 0.1.0 | 8.84 | 66.46 | 75.30 | NOTE | |
r-devel-linux-x86_64-debian-gcc | 0.1.0 | 6.29 | 48.55 | 54.84 | OK | |
r-devel-linux-x86_64-fedora-clang | 0.1.0 | 118.12 | OK | |||
r-devel-linux-x86_64-fedora-gcc | 0.1.0 | 113.91 | OK | |||
r-devel-windows-x86_64 | 0.1.0 | 9.00 | 77.00 | 86.00 | OK | |
r-patched-linux-x86_64 | 0.1.0 | 7.93 | 64.36 | 72.29 | OK | |
r-release-linux-x86_64 | OK | |||||
r-release-macos-arm64 | 0.1.0 | 41.00 | OK | |||
r-release-macos-x86_64 | 0.1.0 | 99.00 | OK | |||
r-release-windows-x86_64 | 0.1.0 | 10.00 | 77.00 | 87.00 | OK | |
r-oldrel-macos-arm64 | 0.1.0 | 37.00 | OK | |||
r-oldrel-macos-x86_64 | 0.1.0 | 78.00 | OK | |||
r-oldrel-windows-x86_64 | 0.1.0 | 11.00 | 92.00 | 103.00 | OK |
Version: 0.1.0
Check: examples
Result: NOTE
Examples with CPU (user + system) or elapsed time > 5s
user system elapsed
fit_copula_interactions 8.099 0.205 9.473
Flavor: r-devel-linux-x86_64-debian-clang
Version: 0.1.0
Check: examples
Result: NA
user system elapsed
fit_copula_interactions 4.609 0.086 5.506
OK
Flavor: r-devel-linux-x86_64-debian-gcc
These binaries (installable software) and packages are in development.
They may not be fully stable and should be used with caution. We make no claims about them.