CRAN Package Check Results for Package LogisticEnsembles

Last updated on 2025-05-08 04:52:09 CEST.

Flavor Version Tinstall Tcheck Ttotal Status Flags
r-devel-linux-x86_64-debian-clang 0.5.0 75.84 238.56 314.40 OK
r-devel-linux-x86_64-debian-gcc 0.5.0 57.68 170.66 228.34 OK
r-devel-linux-x86_64-fedora-clang 0.5.0 547.95 OK
r-devel-linux-x86_64-fedora-gcc 0.5.0 530.88 OK
r-devel-windows-x86_64 0.5.0 75.00 194.00 269.00 OK
r-patched-linux-x86_64 0.5.0 73.98 220.31 294.29 OK
r-release-linux-x86_64 0.5.0 70.31 222.83 293.14 OK
r-release-macos-arm64 0.5.0 135.00 OK
r-release-macos-x86_64 0.5.0 289.00 OK
r-release-windows-x86_64 0.5.0 76.00 195.00 271.00 OK
r-oldrel-macos-arm64 0.5.0 135.00 NOTE
r-oldrel-macos-x86_64 0.5.0 288.00 NOTE
r-oldrel-windows-x86_64 0.5.0 109.00 260.00 369.00 NOTE

Check Details

Version: 0.5.0
Check: package dependencies
Result: NOTE Depends: includes the non-default packages: 'adabag', 'arm', 'brnn', 'C50', 'car', 'corrplot', 'Cubist', 'doParallel', 'dplyr', 'e1071', 'gam', 'gbm', 'ggplot2', 'ggplotify', 'gridExtra', 'gt', 'ipred', 'klaR', 'MachineShop', 'magrittr', 'MASS', 'mda', 'parallel', 'pls', 'pROC', 'purrr', 'randomForest', 'ranger', 'reactable', 'reactablefmtr', 'readr', 'rpart', 'scales', 'tidyr', 'tree', 'xgboost' Adding so many packages to the search path is excessive and importing selectively is preferable. Flavors: r-oldrel-macos-arm64, r-oldrel-macos-x86_64, r-oldrel-windows-x86_64

These binaries (installable software) and packages are in development.
They may not be fully stable and should be used with caution. We make no claims about them.