CRAN Package Check Results for Package LogisticEnsembles

Last updated on 2025-10-23 11:50:18 CEST.

Flavor Version Tinstall Tcheck Ttotal Status Flags
r-devel-linux-x86_64-debian-clang 0.8.2 56.95 323.85 380.80 OK
r-devel-linux-x86_64-debian-gcc 0.8.2 42.81 234.44 277.25 OK
r-devel-linux-x86_64-fedora-clang 0.8.2 335.00 311.11 646.11 OK
r-devel-linux-x86_64-fedora-gcc 0.8.2 562.00 94.16 656.16 OK
r-devel-windows-x86_64 0.8.2 61.00 275.00 336.00 OK
r-patched-linux-x86_64 0.8.2 57.24 302.00 359.24 OK
r-release-linux-x86_64 0.8.2 54.46 306.02 360.48 OK
r-release-macos-arm64 0.8.2 31.00 105.00 136.00 OK
r-release-macos-x86_64 0.8.2 75.00 206.00 281.00 OK
r-release-windows-x86_64 0.8.2 278.00 589.00 867.00 OK
r-oldrel-macos-arm64 0.8.2 33.00 111.00 144.00 NOTE
r-oldrel-macos-x86_64 0.8.2 75.00 250.00 325.00 NOTE
r-oldrel-windows-x86_64 0.8.2 54.00 375.00 429.00 NOTE

Check Details

Version: 0.8.2
Check: package dependencies
Result: NOTE Depends: includes the non-default packages: 'adabag', 'arm', 'brnn', 'C50', 'car', 'corrplot', 'Cubist', 'doParallel', 'dplyr', 'e1071', 'gam', 'gbm', 'ggplot2', 'ggplotify', 'glmnet', 'gridExtra', 'gt', 'ipred', 'klaR', 'MachineShop', 'magrittr', 'MASS', 'mda', 'parallel', 'pls', 'pROC', 'purrr', 'randomForest', 'ranger', 'reactable', 'reactablefmtr', 'readr', 'rpart', 'scales', 'tidyr', 'tree', 'xgboost' Adding so many packages to the search path is excessive and importing selectively is preferable. Flavors: r-oldrel-macos-arm64, r-oldrel-macos-x86_64, r-oldrel-windows-x86_64

These binaries (installable software) and packages are in development.
They may not be fully stable and should be used with caution. We make no claims about them.