CRAN Package Check Results for Package LongMemoryTS

Last updated on 2025-05-01 10:50:14 CEST.

Flavor Version Tinstall Tcheck Ttotal Status Flags
r-devel-linux-x86_64-debian-clang 0.1.0 31.31 52.30 83.61 NOTE
r-devel-linux-x86_64-debian-gcc 0.1.0 24.46 36.58 61.04 NOTE
r-devel-linux-x86_64-fedora-clang 0.1.0 146.18 OK
r-devel-linux-x86_64-fedora-gcc 0.1.0 160.77 OK
r-devel-windows-x86_64 0.1.0 38.00 102.00 140.00 NOTE
r-patched-linux-x86_64 0.1.0 35.19 48.69 83.88 NOTE
r-release-linux-x86_64 NOTE
r-release-macos-arm64 0.1.0 43.00 OK
r-release-macos-x86_64 0.1.0 70.00 OK
r-release-windows-x86_64 0.1.0 39.00 109.00 148.00 NOTE
r-oldrel-macos-arm64 0.1.0 38.00 OK
r-oldrel-macos-x86_64 0.1.0 59.00 OK
r-oldrel-windows-x86_64 0.1.0 45.00 118.00 163.00 OK

Check Details

Version: 0.1.0
Check: Rd cross-references
Result: NOTE Found the following Rd file(s) with Rd \link{} targets missing package anchors: partition.X.Rd: partitions Please provide package anchors for all Rd \link{} targets not in the package itself and the base packages. Flavors: r-devel-linux-x86_64-debian-clang, r-devel-linux-x86_64-debian-gcc, r-devel-windows-x86_64, r-patched-linux-x86_64, r-release-linux-x86_64, r-release-windows-x86_64

Version: 0.1.0
Check: examples
Result: NOTE Examples with CPU (user + system) or elapsed time > 5s user system elapsed VARFIMA.est 3.557 0.017 5.278 Flavor: r-devel-linux-x86_64-debian-clang

These binaries (installable software) and packages are in development.
They may not be fully stable and should be used with caution. We make no claims about them.