Last updated on 2025-02-16 10:50:49 CET.
Flavor | Version | Tinstall | Tcheck | Ttotal | Status | Flags |
---|---|---|---|---|---|---|
r-devel-linux-x86_64-debian-clang | 0.1.0 | 33.77 | 49.70 | 83.47 | NOTE | |
r-devel-linux-x86_64-debian-gcc | 0.1.0 | 24.22 | 35.98 | 60.20 | NOTE | |
r-devel-linux-x86_64-fedora-clang | 0.1.0 | 147.65 | OK | |||
r-devel-linux-x86_64-fedora-gcc | 0.1.0 | 152.62 | OK | |||
r-devel-macos-arm64 | 0.1.0 | 38.00 | OK | |||
r-devel-macos-x86_64 | 0.1.0 | 67.00 | OK | |||
r-devel-windows-x86_64 | 0.1.0 | 37.00 | 99.00 | 136.00 | NOTE | |
r-patched-linux-x86_64 | 0.1.0 | 34.29 | 46.88 | 81.17 | OK | |
r-release-linux-x86_64 | 0.1.0 | 35.24 | 47.29 | 82.53 | OK | |
r-release-macos-arm64 | 0.1.0 | 38.00 | OK | |||
r-release-macos-x86_64 | 0.1.0 | 59.00 | OK | |||
r-release-windows-x86_64 | 0.1.0 | 36.00 | 99.00 | 135.00 | OK | |
r-oldrel-macos-arm64 | 0.1.0 | 45.00 | OK | |||
r-oldrel-macos-x86_64 | 0.1.0 | 71.00 | OK | |||
r-oldrel-windows-x86_64 | 0.1.0 | 47.00 | 113.00 | 160.00 | OK |
Version: 0.1.0
Check: Rd cross-references
Result: NOTE
Found the following Rd file(s) with Rd \link{} targets missing package
anchors:
partition.X.Rd: partitions
Please provide package anchors for all Rd \link{} targets not in the
package itself and the base packages.
Flavors: r-devel-linux-x86_64-debian-clang, r-devel-linux-x86_64-debian-gcc, r-devel-windows-x86_64
These binaries (installable software) and packages are in development.
They may not be fully stable and should be used with caution. We make no claims about them.