Last updated on 2025-05-08 04:52:09 CEST.
Flavor | Version | Tinstall | Tcheck | Ttotal | Status | Flags |
---|---|---|---|---|---|---|
r-devel-linux-x86_64-debian-clang | 0.9 | 6.26 | 42.37 | 48.63 | OK | |
r-devel-linux-x86_64-debian-gcc | 0.9 | 4.16 | 31.05 | 35.21 | OK | |
r-devel-linux-x86_64-fedora-clang | 0.9 | 75.95 | OK | |||
r-devel-linux-x86_64-fedora-gcc | 0.9 | 72.87 | OK | |||
r-devel-windows-x86_64 | 0.9 | 7.00 | 63.00 | 70.00 | OK | |
r-patched-linux-x86_64 | 0.9 | 6.04 | 40.32 | 46.36 | OK | |
r-release-linux-x86_64 | 0.9 | 4.92 | 40.49 | 45.41 | OK | |
r-release-macos-arm64 | 0.9 | 30.00 | OK | |||
r-release-macos-x86_64 | 0.9 | 52.00 | OK | |||
r-release-windows-x86_64 | 0.9 | 7.00 | 63.00 | 70.00 | OK | |
r-oldrel-macos-arm64 | 0.9 | 24.00 | NOTE | |||
r-oldrel-macos-x86_64 | 0.9 | 35.00 | NOTE | |||
r-oldrel-windows-x86_64 | 0.9 | 9.00 | 74.00 | 83.00 | NOTE |
Version: 0.9
Check: LazyData
Result: NOTE
'LazyData' is specified without a 'data' directory
Flavors: r-oldrel-macos-arm64, r-oldrel-macos-x86_64, r-oldrel-windows-x86_64
These binaries (installable software) and packages are in development.
They may not be fully stable and should be used with caution. We make no claims about them.