Last updated on 2025-05-01 17:56:07 CEST.
Flavor | Version | Tinstall | Tcheck | Ttotal | Status | Flags |
---|---|---|---|---|---|---|
r-devel-linux-x86_64-debian-clang | 1.2-7 | 6.03 | 38.55 | 44.58 | NOTE | |
r-devel-linux-x86_64-debian-gcc | 1.2-7 | 3.82 | 28.35 | 32.17 | NOTE | |
r-devel-linux-x86_64-fedora-clang | 1.2-7 | 69.13 | OK | |||
r-devel-linux-x86_64-fedora-gcc | 1.2-7 | 65.45 | OK | |||
r-devel-windows-x86_64 | 1.2-7 | 6.00 | 66.00 | 72.00 | OK | |
r-patched-linux-x86_64 | 1.2-7 | 6.30 | 36.83 | 43.13 | OK | |
r-release-linux-x86_64 | OK | |||||
r-release-macos-arm64 | 1.2-7 | 27.00 | OK | |||
r-release-macos-x86_64 | 1.2-7 | 41.00 | OK | |||
r-release-windows-x86_64 | 1.2-7 | 7.00 | 75.00 | 82.00 | OK | |
r-oldrel-macos-arm64 | 1.2-7 | 24.00 | OK | |||
r-oldrel-macos-x86_64 | 1.2-7 | 36.00 | OK | |||
r-oldrel-windows-x86_64 | 1.2-7 | 8.00 | 67.00 | 75.00 | OK |
Version: 1.2-7
Check: CRAN incoming feasibility
Result: NOTE
Maintainer: ‘Alexis Dinno <alexis.dinno@pdx.edu>’
No Authors@R field in DESCRIPTION.
Please add one, modifying
Authors@R: person(given = "Alexis",
family = "Dinno",
role = c("aut", "cre"),
email = "alexis.dinno@pdx.edu")
as necessary.
Flavors: r-devel-linux-x86_64-debian-clang, r-devel-linux-x86_64-debian-gcc
These binaries (installable software) and packages are in development.
They may not be fully stable and should be used with caution. We make no claims about them.