Last updated on 2025-02-16 10:50:49 CET.
Flavor | Version | Tinstall | Tcheck | Ttotal | Status | Flags |
---|---|---|---|---|---|---|
r-devel-linux-x86_64-debian-clang | 1.1.0 | 22.99 | 219.15 | 242.14 | OK | |
r-devel-linux-x86_64-debian-gcc | 1.1.0 | 16.66 | 147.98 | 164.64 | OK | |
r-devel-linux-x86_64-fedora-clang | 1.1.0 | 433.01 | OK | |||
r-devel-linux-x86_64-fedora-gcc | 1.1.0 | 380.31 | OK | |||
r-devel-macos-arm64 | 1.1.0 | 107.00 | OK | |||
r-devel-macos-x86_64 | 1.1.0 | 249.00 | OK | |||
r-devel-windows-x86_64 | 1.1.0 | 28.00 | 231.00 | 259.00 | OK | |
r-patched-linux-x86_64 | 1.1.0 | 23.11 | 203.36 | 226.47 | OK | |
r-release-linux-x86_64 | 1.1.0 | 22.72 | 203.27 | 225.99 | OK | |
r-release-macos-arm64 | 1.1.0 | 85.00 | OK | |||
r-release-macos-x86_64 | 1.1.0 | 134.00 | NOTE | |||
r-release-windows-x86_64 | 1.1.0 | 26.00 | 223.00 | 249.00 | OK | |
r-oldrel-macos-arm64 | 1.1.0 | 125.00 | NOTE | |||
r-oldrel-macos-x86_64 | 1.1.0 | 257.00 | OK | |||
r-oldrel-windows-x86_64 | 1.1.0 | 32.00 | 296.00 | 328.00 | OK |
Version: 1.1.0
Check: installed package size
Result: NOTE
installed size is 5.4Mb
sub-directories of 1Mb or more:
data 5.0Mb
Flavors: r-release-macos-x86_64, r-oldrel-macos-arm64
These binaries (installable software) and packages are in development.
They may not be fully stable and should be used with caution. We make no claims about them.