Last updated on 2025-10-23 17:50:52 CEST.
Flavor | Version | Tinstall | Tcheck | Ttotal | Status | Flags |
---|---|---|---|---|---|---|
r-devel-linux-x86_64-debian-clang | 1.1.1 | 16.91 | 43.39 | 60.30 | OK | |
r-devel-linux-x86_64-debian-gcc | 1.1.1 | 11.62 | 33.30 | 44.92 | OK | |
r-devel-linux-x86_64-fedora-clang | 1.1.1 | 42.00 | 60.32 | 102.32 | OK | |
r-devel-linux-x86_64-fedora-gcc | 1.1.1 | 31.00 | 80.13 | 111.13 | OK | |
r-devel-windows-x86_64 | 1.1.1 | 23.00 | 75.00 | 98.00 | OK | |
r-patched-linux-x86_64 | 1.1.1 | 17.26 | 41.32 | 58.58 | OK | |
r-release-linux-x86_64 | 1.1.1 | 16.80 | 41.86 | 58.66 | OK | |
r-release-macos-arm64 | 1.1.1 | 10.00 | 37.00 | 47.00 | OK | |
r-release-macos-x86_64 | 1.1.1 | 11.00 | 59.00 | 70.00 | OK | |
r-release-windows-x86_64 | 1.1.1 | 22.00 | 80.00 | 102.00 | OK | |
r-oldrel-macos-arm64 | 1.1.1 | 8.00 | 29.00 | 37.00 | NOTE | |
r-oldrel-macos-x86_64 | 1.1.1 | 10.00 | 44.00 | 54.00 | NOTE | |
r-oldrel-windows-x86_64 | 1.1.1 | 26.00 | 96.00 | 122.00 | NOTE |
Version: 1.1.1
Check: installed package size
Result: NOTE
installed size is 5.6Mb
sub-directories of 1Mb or more:
extdata 4.5Mb
Flavors: r-oldrel-macos-arm64, r-oldrel-macos-x86_64, r-oldrel-windows-x86_64
These binaries (installable software) and packages are in development.
They may not be fully stable and should be used with caution. We make no claims about them.