Last updated on 2025-07-17 01:49:51 CEST.
Flavor | Version | Tinstall | Tcheck | Ttotal | Status | Flags |
---|---|---|---|---|---|---|
r-devel-linux-x86_64-debian-clang | 1.1.1 | 16.92 | 42.14 | 59.06 | OK | |
r-devel-linux-x86_64-debian-gcc | 1.1.1 | 11.70 | 33.60 | 45.30 | OK | |
r-devel-linux-x86_64-fedora-clang | 1.1.1 | 103.62 | OK | |||
r-devel-linux-x86_64-fedora-gcc | 1.1.1 | 108.30 | OK | |||
r-devel-windows-x86_64 | 1.1.1 | 22.00 | 77.00 | 99.00 | OK | |
r-patched-linux-x86_64 | 1.1.1 | 16.33 | 40.63 | 56.96 | OK | |
r-release-linux-x86_64 | 1.1.1 | 16.80 | 40.11 | 56.91 | OK | |
r-release-macos-arm64 | 1.1.1 | 47.00 | OK | |||
r-release-macos-x86_64 | 1.1.1 | 70.00 | OK | |||
r-release-windows-x86_64 | 1.1.1 | 22.00 | 77.00 | 99.00 | OK | |
r-oldrel-macos-arm64 | 1.1.1 | 37.00 | NOTE | |||
r-oldrel-macos-x86_64 | 1.1.1 | 54.00 | NOTE | |||
r-oldrel-windows-x86_64 | 1.1.1 | 26.00 | 92.00 | 118.00 | NOTE |
Version: 1.1.1
Check: installed package size
Result: NOTE
installed size is 5.6Mb
sub-directories of 1Mb or more:
extdata 4.5Mb
Flavors: r-oldrel-macos-arm64, r-oldrel-macos-x86_64, r-oldrel-windows-x86_64
These binaries (installable software) and packages are in development.
They may not be fully stable and should be used with caution. We make no claims about them.