Last updated on 2025-05-01 10:50:14 CEST.
Flavor | Version | Tinstall | Tcheck | Ttotal | Status | Flags |
---|---|---|---|---|---|---|
r-devel-linux-x86_64-debian-clang | 1.1.1 | 18.64 | 42.18 | 60.82 | OK | |
r-devel-linux-x86_64-debian-gcc | 1.1.1 | 12.04 | 33.34 | 45.38 | OK | |
r-devel-linux-x86_64-fedora-clang | 1.1.1 | 101.39 | OK | |||
r-devel-linux-x86_64-fedora-gcc | 1.1.1 | 111.29 | OK | |||
r-devel-windows-x86_64 | 1.1.1 | 23.00 | 79.00 | 102.00 | OK | |
r-patched-linux-x86_64 | 1.1.1 | 16.19 | 40.67 | 56.86 | OK | |
r-release-linux-x86_64 | OK | |||||
r-release-macos-arm64 | 1.1.1 | 47.00 | OK | |||
r-release-macos-x86_64 | 1.1.1 | 70.00 | OK | |||
r-release-windows-x86_64 | 1.1.1 | 23.00 | 78.00 | 101.00 | OK | |
r-oldrel-macos-arm64 | 1.1.1 | 37.00 | NOTE | |||
r-oldrel-macos-x86_64 | 1.1.1 | 54.00 | NOTE | |||
r-oldrel-windows-x86_64 | 1.1.1 | 23.00 | 91.00 | 114.00 | NOTE |
Version: 1.1.1
Check: installed package size
Result: NOTE
installed size is 5.6Mb
sub-directories of 1Mb or more:
extdata 4.5Mb
Flavors: r-oldrel-macos-arm64, r-oldrel-macos-x86_64, r-oldrel-windows-x86_64
These binaries (installable software) and packages are in development.
They may not be fully stable and should be used with caution. We make no claims about them.