Last updated on 2025-05-01 10:50:14 CEST.
Flavor | Version | Tinstall | Tcheck | Ttotal | Status | Flags |
---|---|---|---|---|---|---|
r-devel-linux-x86_64-debian-clang | 1.0.1 | 84.88 | 333.38 | 418.26 | NOTE | |
r-devel-linux-x86_64-debian-gcc | 1.0.1 | 50.84 | 205.94 | 256.78 | OK | |
r-devel-linux-x86_64-fedora-clang | 1.0.1 | 671.81 | OK | |||
r-devel-linux-x86_64-fedora-gcc | 1.0.1 | 650.68 | OK | |||
r-devel-windows-x86_64 | 1.0.1 | 85.00 | 349.00 | 434.00 | OK | |
r-patched-linux-x86_64 | 1.0.1 | 90.28 | 311.22 | 401.50 | OK | |
r-release-linux-x86_64 | OK | |||||
r-release-macos-arm64 | 1.0.1 | 170.00 | OK | |||
r-release-macos-x86_64 | 1.0.1 | 356.00 | OK | |||
r-release-windows-x86_64 | 1.0.1 | 87.00 | 350.00 | 437.00 | OK | |
r-oldrel-macos-arm64 | 1.0.1 | 147.00 | NOTE | |||
r-oldrel-macos-x86_64 | 1.0.1 | 277.00 | NOTE | |||
r-oldrel-windows-x86_64 | 1.0.1 | 109.00 | 478.00 | 587.00 | NOTE |
Version: 1.0.1
Check: examples
Result: NOTE
Examples with CPU (user + system) or elapsed time > 5s
user system elapsed
ExampleData.Fading 3.647 0.032 5.431
Flavor: r-devel-linux-x86_64-debian-clang
Version: 1.0.1
Check: installed package size
Result: NOTE
installed size is 7.1Mb
sub-directories of 1Mb or more:
R 2.0Mb
help 1.1Mb
libs 2.2Mb
Flavors: r-oldrel-macos-arm64, r-oldrel-macos-x86_64, r-oldrel-windows-x86_64
These binaries (installable software) and packages are in development.
They may not be fully stable and should be used with caution. We make no claims about them.