Last updated on 2025-02-24 12:52:04 CET.
Flavor | Version | Tinstall | Tcheck | Ttotal | Status | Flags |
---|---|---|---|---|---|---|
r-devel-linux-x86_64-debian-clang | 2.0 | 4.11 | 37.96 | 42.07 | OK | |
r-devel-linux-x86_64-debian-gcc | 2.0 | 3.15 | 28.59 | 31.74 | OK | |
r-devel-linux-x86_64-fedora-clang | 2.0 | 72.82 | OK | |||
r-devel-linux-x86_64-fedora-gcc | 2.0 | 80.76 | OK | |||
r-devel-macos-arm64 | 2.0 | 30.00 | OK | |||
r-devel-macos-x86_64 | 2.0 | 56.00 | OK | |||
r-devel-windows-x86_64 | 2.0 | 5.00 | 66.00 | 71.00 | OK | |
r-patched-linux-x86_64 | 2.0 | 4.04 | 36.52 | 40.56 | NOTE | |
r-release-linux-x86_64 | 2.0 | 4.08 | 36.82 | 40.90 | NOTE | |
r-release-macos-arm64 | 2.0 | 29.00 | NOTE | |||
r-release-macos-x86_64 | 2.0 | 44.00 | NOTE | |||
r-release-windows-x86_64 | 2.0 | 6.00 | 60.00 | 66.00 | NOTE | |
r-oldrel-macos-arm64 | 2.0 | 32.00 | NOTE | |||
r-oldrel-macos-x86_64 | 2.0 | 44.00 | NOTE | |||
r-oldrel-windows-x86_64 | 2.0 | 7.00 | 65.00 | 72.00 | NOTE |
Version: 2.0
Check: LazyData
Result: NOTE
'LazyData' is specified without a 'data' directory
Flavors: r-patched-linux-x86_64, r-release-linux-x86_64, r-release-macos-arm64, r-release-macos-x86_64, r-release-windows-x86_64, r-oldrel-macos-arm64, r-oldrel-macos-x86_64, r-oldrel-windows-x86_64
These binaries (installable software) and packages are in development.
They may not be fully stable and should be used with caution. We make no claims about them.