CRAN Package Check Results for Package M2SMJF

Last updated on 2025-10-03 01:49:50 CEST.

Flavor Version Tinstall Tcheck Ttotal Status Flags
r-devel-linux-x86_64-debian-clang 1.0 4.39 40.80 45.19 OK
r-devel-linux-x86_64-debian-gcc 1.0 2.54 30.72 33.26 OK
r-devel-linux-x86_64-fedora-clang 1.0 72.98 OK
r-devel-linux-x86_64-fedora-gcc 1.0 85.12 OK
r-devel-windows-x86_64 1.0 6.00 60.00 66.00 OK
r-patched-linux-x86_64 1.0 4.07 38.73 42.80 OK
r-release-linux-x86_64 1.0 3.70 38.08 41.78 OK
r-release-macos-arm64 1.0 35.00 OK
r-release-macos-x86_64 1.0 57.00 OK
r-release-windows-x86_64 1.0 6.00 61.00 67.00 OK
r-oldrel-macos-arm64 1.0 30.00 NOTE
r-oldrel-macos-x86_64 1.0 44.00 NOTE
r-oldrel-windows-x86_64 1.0 8.00 71.00 79.00 NOTE

Check Details

Version: 1.0
Check: LazyData
Result: NOTE 'LazyData' is specified without a 'data' directory Flavors: r-oldrel-macos-arm64, r-oldrel-macos-x86_64, r-oldrel-windows-x86_64

These binaries (installable software) and packages are in development.
They may not be fully stable and should be used with caution. We make no claims about them.