CRAN Package Check Results for Package M2SMJF

Last updated on 2025-05-01 14:49:14 CEST.

Flavor Version Tinstall Tcheck Ttotal Status Flags
r-devel-linux-x86_64-debian-clang 1.0 4.35 39.66 44.01 OK
r-devel-linux-x86_64-debian-gcc 1.0 3.13 28.76 31.89 OK
r-devel-linux-x86_64-fedora-clang 1.0 70.78 OK
r-devel-linux-x86_64-fedora-gcc 1.0 82.81 OK
r-devel-windows-x86_64 1.0 5.00 62.00 67.00 OK
r-patched-linux-x86_64 1.0 4.22 37.14 41.36 OK
r-release-linux-x86_64 OK
r-release-macos-arm64 1.0 35.00 OK
r-release-macos-x86_64 1.0 57.00 OK
r-release-windows-x86_64 1.0 6.00 62.00 68.00 OK
r-oldrel-macos-arm64 1.0 30.00 NOTE
r-oldrel-macos-x86_64 1.0 44.00 NOTE
r-oldrel-windows-x86_64 1.0 7.00 70.00 77.00 NOTE

Check Details

Version: 1.0
Check: LazyData
Result: NOTE 'LazyData' is specified without a 'data' directory Flavors: r-oldrel-macos-arm64, r-oldrel-macos-x86_64, r-oldrel-windows-x86_64

These binaries (installable software) and packages are in development.
They may not be fully stable and should be used with caution. We make no claims about them.