Last updated on 2025-11-16 03:50:01 CET.
| Flavor | Version | Tinstall | Tcheck | Ttotal | Status | Flags |
|---|---|---|---|---|---|---|
| r-devel-linux-x86_64-debian-clang | 1.0 | 4.11 | 40.96 | 45.07 | OK | |
| r-devel-linux-x86_64-debian-gcc | 1.0 | 2.98 | 30.74 | 33.72 | OK | |
| r-devel-linux-x86_64-fedora-clang | 1.0 | 19.00 | 56.10 | 75.10 | OK | |
| r-devel-linux-x86_64-fedora-gcc | 1.0 | 16.00 | 71.24 | 87.24 | OK | |
| r-devel-windows-x86_64 | 1.0 | 10.00 | 58.00 | 68.00 | OK | |
| r-patched-linux-x86_64 | 1.0 | 4.10 | 38.22 | 42.32 | OK | |
| r-release-linux-x86_64 | 1.0 | 4.15 | 38.30 | 42.45 | OK | |
| r-release-macos-arm64 | 1.0 | 3.00 | 32.00 | 35.00 | OK | |
| r-release-macos-x86_64 | 1.0 | 3.00 | 54.00 | 57.00 | OK | |
| r-release-windows-x86_64 | 1.0 | 5.00 | 58.00 | 63.00 | OK | |
| r-oldrel-macos-arm64 | 1.0 | 2.00 | 28.00 | 30.00 | NOTE | |
| r-oldrel-macos-x86_64 | 1.0 | 3.00 | 41.00 | 44.00 | NOTE | |
| r-oldrel-windows-x86_64 | 1.0 | 7.00 | 69.00 | 76.00 | NOTE |
Version: 1.0
Check: LazyData
Result: NOTE
'LazyData' is specified without a 'data' directory
Flavors: r-oldrel-macos-arm64, r-oldrel-macos-x86_64, r-oldrel-windows-x86_64
These binaries (installable software) and packages are in development.
They may not be fully stable and should be used with caution. We make no claims about them.