Last updated on 2025-05-01 21:53:08 CEST.
Flavor | Version | Tinstall | Tcheck | Ttotal | Status | Flags |
---|---|---|---|---|---|---|
r-devel-linux-x86_64-debian-clang | 0.4 | 8.64 | 45.76 | 54.40 | NOTE | |
r-devel-linux-x86_64-debian-gcc | 0.4 | 6.67 | 35.40 | 42.07 | NOTE | |
r-devel-linux-x86_64-fedora-clang | 0.4 | 81.39 | OK | |||
r-devel-linux-x86_64-fedora-gcc | 0.4 | 86.83 | OK | |||
r-devel-windows-x86_64 | 0.4 | 10.00 | 66.00 | 76.00 | OK | |
r-patched-linux-x86_64 | 0.4 | 8.02 | 43.28 | 51.30 | OK | |
r-release-linux-x86_64 | OK | |||||
r-release-macos-arm64 | 0.4 | 34.00 | OK | |||
r-release-macos-x86_64 | 0.4 | 53.00 | OK | |||
r-release-windows-x86_64 | 0.4 | 10.00 | 66.00 | 76.00 | OK | |
r-oldrel-macos-arm64 | 0.4 | 31.00 | OK | |||
r-oldrel-macos-x86_64 | 0.4 | 57.00 | OK | |||
r-oldrel-windows-x86_64 | 0.4 | 12.00 | 75.00 | 87.00 | OK |
Version: 0.4
Check: CRAN incoming feasibility
Result: NOTE
Maintainer: ‘Jenise Swall <jswall@vcu.edu>’
No Authors@R field in DESCRIPTION.
Please add one, modifying
Authors@R: person(given = "Jenise",
family = "Swall",
role = c("aut", "cre"),
email = "jswall@vcu.edu")
as necessary.
Flavors: r-devel-linux-x86_64-debian-clang, r-devel-linux-x86_64-debian-gcc
These binaries (installable software) and packages are in development.
They may not be fully stable and should be used with caution. We make no claims about them.