CRAN Package Check Results for Package MABOUST

Last updated on 2025-10-03 15:49:54 CEST.

Flavor Version Tinstall Tcheck Ttotal Status Flags
r-devel-linux-x86_64-debian-clang 1.0.1 23.30 31.03 54.33 NOTE
r-devel-linux-x86_64-debian-gcc 1.0.1 14.14 23.31 37.45 NOTE
r-devel-linux-x86_64-fedora-clang 1.0.1 93.53 OK
r-devel-linux-x86_64-fedora-gcc 1.0.1 88.72 OK
r-devel-windows-x86_64 1.0.1 28.00 74.00 102.00 OK
r-patched-linux-x86_64 1.0.1 22.44 29.52 51.96 OK
r-release-linux-x86_64 1.0.1 22.50 29.32 51.82 OK
r-release-macos-arm64 1.0.1 45.00 OK
r-release-macos-x86_64 1.0.1 46.00 OK
r-release-windows-x86_64 1.0.1 28.00 81.00 109.00 OK
r-oldrel-macos-arm64 1.0.1 28.00 OK
r-oldrel-macos-x86_64 1.0.1 41.00 OK
r-oldrel-windows-x86_64 1.0.1 33.00 87.00 120.00 OK

Check Details

Version: 1.0.1
Check: CRAN incoming feasibility
Result: NOTE Maintainer: ‘Andrew Chapple <achapp@lsuhsc.edu>’ No Authors@R field in DESCRIPTION. Please add one, modifying Authors@R: person(given = "Andrew", family = "Chapple", role = c("aut", "cre"), email = "achapp@lsuhsc.edu") as necessary. Flavors: r-devel-linux-x86_64-debian-clang, r-devel-linux-x86_64-debian-gcc

These binaries (installable software) and packages are in development.
They may not be fully stable and should be used with caution. We make no claims about them.