Last updated on 2025-07-02 03:50:45 CEST.
Flavor | Version | Tinstall | Tcheck | Ttotal | Status | Flags |
---|---|---|---|---|---|---|
r-devel-linux-x86_64-debian-clang | 1.0.0 | 122.36 | 100.77 | 223.13 | OK | |
r-devel-linux-x86_64-debian-gcc | 1.0.0 | 80.04 | 75.07 | 155.11 | OK | |
r-devel-linux-x86_64-fedora-clang | 1.0.0 | 457.50 | OK | |||
r-devel-linux-x86_64-fedora-gcc | 1.0.0 | 349.43 | OK | |||
r-devel-windows-x86_64 | 1.0.0 | 132.00 | 123.00 | 255.00 | OK | |
r-patched-linux-x86_64 | OK | |||||
r-release-linux-x86_64 | 1.0.0 | 118.40 | 100.98 | 219.38 | OK | |
r-release-macos-arm64 | 1.0.0 | 124.00 | OK | |||
r-release-macos-x86_64 | 1.0.0 | 148.00 | OK | |||
r-release-windows-x86_64 | 1.0.0 | 130.00 | 125.00 | 255.00 | OK | |
r-oldrel-macos-arm64 | 1.0.0 | 94.00 | NOTE | |||
r-oldrel-macos-x86_64 | 1.0.0 | 175.00 | NOTE | |||
r-oldrel-windows-x86_64 | 1.0.0 | 155.00 | 162.00 | 317.00 | OK |
Version: 1.0.0
Check: installed package size
Result: NOTE
installed size is 7.4Mb
sub-directories of 1Mb or more:
libs 7.2Mb
Flavors: r-oldrel-macos-arm64, r-oldrel-macos-x86_64
These binaries (installable software) and packages are in development.
They may not be fully stable and should be used with caution. We make no claims about them.