CRAN Package Check Results for Package MANCIE

Last updated on 2025-10-10 01:49:11 CEST.

Flavor Version Tinstall Tcheck Ttotal Status Flags
r-devel-linux-x86_64-debian-clang 1.4 1.58 21.13 22.71 NOTE
r-devel-linux-x86_64-debian-gcc 1.4 1.32 16.75 18.07 NOTE
r-devel-linux-x86_64-fedora-clang 1.4 33.42 OK
r-devel-linux-x86_64-fedora-gcc 1.4 32.17 OK
r-devel-windows-x86_64 1.4 5.00 37.00 42.00 OK
r-patched-linux-x86_64 1.4 1.59 20.21 21.80 OK
r-release-linux-x86_64 1.4 1.68 19.78 21.46 OK
r-release-macos-arm64 1.4 15.00 OK
r-release-macos-x86_64 1.4 23.00 OK
r-release-windows-x86_64 1.4 3.00 36.00 39.00 OK
r-oldrel-macos-arm64 1.4 15.00 OK
r-oldrel-macos-x86_64 1.4 21.00 OK
r-oldrel-windows-x86_64 1.4 3.00 37.00 40.00 OK

Check Details

Version: 1.4
Check: CRAN incoming feasibility
Result: NOTE Maintainer: ‘Tao Wang <tao.wang@utsouthwestern.edu>’ No Authors@R field in DESCRIPTION. Please add one, modifying Authors@R: c(person(given = "Tao", family = "Wang", role = c("aut", "cre"), email = "tao.wang@utsouthwestern.edu"), person(given = "Chongzhi", family = "Zang", role = "aut")) as necessary. Flavors: r-devel-linux-x86_64-debian-clang, r-devel-linux-x86_64-debian-gcc

These binaries (installable software) and packages are in development.
They may not be fully stable and should be used with caution. We make no claims about them.