Last updated on 2025-02-16 10:50:50 CET.
Flavor | Version | Tinstall | Tcheck | Ttotal | Status | Flags |
---|---|---|---|---|---|---|
r-devel-linux-x86_64-debian-clang | 1.1.2 | 27.00 | 37.85 | 64.85 | NOTE | |
r-devel-linux-x86_64-debian-gcc | 1.1.2 | 22.00 | 33.26 | 55.26 | NOTE | |
r-devel-linux-x86_64-fedora-clang | 1.1.2 | 116.69 | NOTE | |||
r-devel-linux-x86_64-fedora-gcc | 1.1.2 | 142.26 | NOTE | |||
r-devel-macos-arm64 | 1.1.2 | 47.00 | NOTE | |||
r-devel-macos-x86_64 | 1.1.2 | 96.00 | NOTE | |||
r-devel-windows-x86_64 | 1.1.2 | 29.00 | 83.00 | 112.00 | NOTE | |
r-patched-linux-x86_64 | 1.1.2 | 29.29 | 41.88 | 71.17 | NOTE | |
r-release-linux-x86_64 | 1.1.2 | 28.46 | 42.22 | 70.68 | NOTE | |
r-release-macos-arm64 | 1.1.2 | 46.00 | NOTE | |||
r-release-macos-x86_64 | 1.1.2 | 83.00 | NOTE | |||
r-release-windows-x86_64 | 1.1.2 | 29.00 | 86.00 | 115.00 | NOTE | |
r-oldrel-macos-arm64 | 1.1.2 | 50.00 | NOTE | |||
r-oldrel-macos-x86_64 | 1.1.2 | 76.00 | NOTE | |||
r-oldrel-windows-x86_64 | 1.1.2 | 36.00 | 129.00 | 165.00 | NOTE |
Version: 1.1.2
Check: C++ specification
Result: NOTE
Specified C++11: please drop specification unless essential
Flavors: r-devel-linux-x86_64-debian-clang, r-devel-linux-x86_64-debian-gcc, r-devel-linux-x86_64-fedora-clang, r-devel-linux-x86_64-fedora-gcc, r-devel-macos-arm64, r-devel-macos-x86_64, r-devel-windows-x86_64, r-patched-linux-x86_64, r-release-linux-x86_64, r-release-macos-arm64, r-release-macos-x86_64, r-release-windows-x86_64, r-oldrel-macos-arm64, r-oldrel-macos-x86_64, r-oldrel-windows-x86_64
These binaries (installable software) and packages are in development.
They may not be fully stable and should be used with caution. We make no claims about them.