CRAN Package Check Results for Package MAVE

Last updated on 2025-05-08 04:52:10 CEST.

Flavor Version Tinstall Tcheck Ttotal Status Flags
r-devel-linux-x86_64-debian-clang 1.3.11 78.43 50.51 128.94 NOTE
r-devel-linux-x86_64-debian-gcc 1.3.11 49.06 36.70 85.76 NOTE
r-devel-linux-x86_64-fedora-clang 1.3.11 207.19 OK
r-devel-linux-x86_64-fedora-gcc 1.3.11 229.74 OK
r-devel-windows-x86_64 1.3.11 100.00 95.00 195.00 NOTE
r-patched-linux-x86_64 1.3.11 63.65 45.34 108.99 NOTE
r-release-linux-x86_64 1.3.11 65.15 45.05 110.20 NOTE
r-release-macos-arm64 1.3.11 82.00 OK
r-release-macos-x86_64 1.3.11 108.00 OK
r-release-windows-x86_64 1.3.11 99.00 95.00 194.00 NOTE
r-oldrel-macos-arm64 1.3.11 63.00 OK
r-oldrel-macos-x86_64 1.3.11 73.00 OK
r-oldrel-windows-x86_64 1.3.11 110.00 110.00 220.00 OK

Check Details

Version: 1.3.11
Check: CRAN incoming feasibility
Result: NOTE Maintainer: ‘Hang Weiqiang<E0010758@u.nus.edu>’ No Authors@R field in DESCRIPTION. Please add one, modifying Authors@R: c(person(given = "Hang", family = "Weiqiang", role = c("aut", "cre"), email = "E0010758@u.nus.edu"), person(given = "Xia", family = "Yingcun", role = "aut", email = "staxyc@nus.edu.sg")) as necessary. Flavors: r-devel-linux-x86_64-debian-clang, r-devel-linux-x86_64-debian-gcc

Version: 1.3.11
Check: Rd cross-references
Result: NOTE Found the following Rd file(s) with Rd \link{} targets missing package anchors: predict.mave.Rd: mars Please provide package anchors for all Rd \link{} targets not in the package itself and the base packages. Flavors: r-devel-linux-x86_64-debian-clang, r-devel-linux-x86_64-debian-gcc, r-devel-windows-x86_64, r-patched-linux-x86_64, r-release-linux-x86_64, r-release-windows-x86_64

These binaries (installable software) and packages are in development.
They may not be fully stable and should be used with caution. We make no claims about them.