Last updated on 2025-10-24 11:50:51 CEST.
| Flavor | Version | Tinstall | Tcheck | Ttotal | Status | Flags |
|---|---|---|---|---|---|---|
| r-devel-linux-x86_64-debian-clang | 0.0.2 | 15.22 | 57.63 | 72.85 | NOTE | |
| r-devel-linux-x86_64-debian-gcc | 0.0.2 | 10.29 | 41.18 | 51.47 | NOTE | |
| r-devel-linux-x86_64-fedora-clang | 0.0.2 | 37.00 | 79.27 | 116.27 | OK | |
| r-devel-linux-x86_64-fedora-gcc | 0.0.2 | 63.00 | 67.70 | 130.70 | OK | |
| r-devel-windows-x86_64 | 0.0.2 | 18.00 | 360.00 | 378.00 | OK | |
| r-patched-linux-x86_64 | 0.0.2 | 14.98 | 55.28 | 70.26 | OK | |
| r-release-linux-x86_64 | 0.0.2 | 13.44 | 54.10 | 67.54 | OK | |
| r-release-macos-arm64 | 0.0.2 | 9.00 | 121.00 | 130.00 | OK | |
| r-release-macos-x86_64 | 0.0.2 | 12.00 | 278.00 | 290.00 | OK | |
| r-release-windows-x86_64 | 0.0.2 | 20.00 | 360.00 | 380.00 | OK | |
| r-oldrel-macos-arm64 | 0.0.2 | 8.00 | 107.00 | 115.00 | OK | |
| r-oldrel-macos-x86_64 | 0.0.2 | 10.00 | 207.00 | 217.00 | OK | |
| r-oldrel-windows-x86_64 | 0.0.2 | 26.00 | 443.00 | 469.00 | OK |
Version: 0.0.2
Check: CRAN incoming feasibility
Result: NOTE
Maintainer: ‘Meilin Jiang <meilin.jiang@ufl.edu>’
The Description field contains
<arXiv:2301.10064> for more details.
Please refer to arXiv e-prints via their arXiv DOI <doi:10.48550/arXiv.YYMM.NNNNN>.
Flavors: r-devel-linux-x86_64-debian-clang, r-devel-linux-x86_64-debian-gcc
These binaries (installable software) and packages are in development.
They may not be fully stable and should be used with caution. We make no claims about them.