Last updated on 2025-10-03 13:49:39 CEST.
Flavor | Version | Tinstall | Tcheck | Ttotal | Status | Flags |
---|---|---|---|---|---|---|
r-devel-linux-x86_64-debian-clang | 0.8-3 | 4.89 | 49.08 | 53.97 | NOTE | |
r-devel-linux-x86_64-debian-gcc | 0.8-3 | 3.85 | 34.73 | 38.58 | NOTE | |
r-devel-linux-x86_64-fedora-clang | 0.8-3 | 80.85 | OK | |||
r-devel-linux-x86_64-fedora-gcc | 0.8-3 | 76.60 | OK | |||
r-devel-windows-x86_64 | 0.8-3 | 6.00 | 76.00 | 82.00 | OK | |
r-patched-linux-x86_64 | 0.8-3 | 6.78 | 46.26 | 53.04 | OK | |
r-release-linux-x86_64 | 0.8-3 | 4.54 | 46.69 | 51.23 | OK | |
r-release-macos-arm64 | 0.8-3 | 25.00 | OK | |||
r-release-macos-x86_64 | 0.8-3 | 41.00 | OK | |||
r-release-windows-x86_64 | 0.8-3 | 8.00 | 75.00 | 83.00 | OK | |
r-oldrel-macos-arm64 | 0.8-3 | 24.00 | OK | |||
r-oldrel-macos-x86_64 | 0.8-3 | 36.00 | OK | |||
r-oldrel-windows-x86_64 | 0.8-3 | 7.00 | 88.00 | 95.00 | OK |
Version: 0.8-3
Check: CRAN incoming feasibility
Result: NOTE
Maintainer: ‘AC Del Re <acdelre@gmail.com>’
Package CITATION file contains call(s) to old-style personList() or
as.personList(). Please use c() on person objects instead.
Package CITATION file contains call(s) to old-style citEntry(). Please
use bibentry() instead.
Flavors: r-devel-linux-x86_64-debian-clang, r-devel-linux-x86_64-debian-gcc
These binaries (installable software) and packages are in development.
They may not be fully stable and should be used with caution. We make no claims about them.