Last updated on 2025-07-25 19:49:46 CEST.
Flavor | Version | Tinstall | Tcheck | Ttotal | Status | Flags |
---|---|---|---|---|---|---|
r-devel-linux-x86_64-debian-clang | 0.8-3 | 5.05 | 46.16 | 51.21 | NOTE | |
r-devel-linux-x86_64-debian-gcc | 0.8-3 | 3.48 | 33.62 | 37.10 | NOTE | |
r-devel-linux-x86_64-fedora-clang | 0.8-3 | 84.57 | OK | |||
r-devel-linux-x86_64-fedora-gcc | 0.8-3 | 73.55 | OK | |||
r-devel-windows-x86_64 | 0.8-3 | 9.00 | 72.00 | 81.00 | OK | |
r-patched-linux-x86_64 | 0.8-3 | 6.22 | 43.10 | 49.32 | OK | |
r-release-linux-x86_64 | 0.8-3 | 4.88 | 42.71 | 47.59 | OK | |
r-release-macos-arm64 | 0.8-3 | 25.00 | OK | |||
r-release-macos-x86_64 | 0.8-3 | 41.00 | OK | |||
r-release-windows-x86_64 | 0.8-3 | 9.00 | 76.00 | 85.00 | OK | |
r-oldrel-macos-arm64 | 0.8-3 | 24.00 | OK | |||
r-oldrel-macos-x86_64 | 0.8-3 | 36.00 | OK | |||
r-oldrel-windows-x86_64 | 0.8-3 | 8.00 | 121.00 | 129.00 | OK |
Version: 0.8-3
Check: CRAN incoming feasibility
Result: NOTE
Maintainer: ‘AC Del Re <acdelre@gmail.com>’
Package CITATION file contains call(s) to old-style personList() or
as.personList(). Please use c() on person objects instead.
Package CITATION file contains call(s) to old-style citEntry(). Please
use bibentry() instead.
Flavors: r-devel-linux-x86_64-debian-clang, r-devel-linux-x86_64-debian-gcc
These binaries (installable software) and packages are in development.
They may not be fully stable and should be used with caution. We make no claims about them.