Last updated on 2025-05-01 14:49:14 CEST.
Flavor | Version | Tinstall | Tcheck | Ttotal | Status | Flags |
---|---|---|---|---|---|---|
r-devel-linux-x86_64-debian-clang | 0.1.4.2 | 27.57 | 159.74 | 187.31 | OK | |
r-devel-linux-x86_64-debian-gcc | 0.1.4.2 | 21.63 | 115.39 | 137.02 | OK | |
r-devel-linux-x86_64-fedora-clang | 0.1.4.2 | 289.34 | OK | |||
r-devel-linux-x86_64-fedora-gcc | 0.1.4.2 | 469.27 | OK | |||
r-devel-windows-x86_64 | 0.1.4.2 | 29.00 | 155.00 | 184.00 | OK | |
r-patched-linux-x86_64 | 0.1.4.2 | 28.56 | 149.42 | 177.98 | OK | |
r-release-linux-x86_64 | OK | |||||
r-release-macos-arm64 | 0.1.4.2 | 131.00 | OK | |||
r-release-macos-x86_64 | 0.1.4.2 | 245.00 | OK | |||
r-release-windows-x86_64 | 0.1.4.2 | 28.00 | 154.00 | 182.00 | OK | |
r-oldrel-macos-arm64 | 0.1.4.2 | 124.00 | NOTE | |||
r-oldrel-macos-x86_64 | 0.1.4.2 | 177.00 | NOTE | |||
r-oldrel-windows-x86_64 | 0.1.4.2 | 37.00 | 202.00 | 239.00 | OK |
Version: 0.1.4.2
Check: installed package size
Result: NOTE
installed size is 5.1Mb
sub-directories of 1Mb or more:
R 1.1Mb
data 3.9Mb
Flavors: r-oldrel-macos-arm64, r-oldrel-macos-x86_64
These binaries (installable software) and packages are in development.
They may not be fully stable and should be used with caution. We make no claims about them.