Last updated on 2025-02-16 10:50:52 CET.
Flavor | Version | Tinstall | Tcheck | Ttotal | Status | Flags |
---|---|---|---|---|---|---|
r-devel-linux-x86_64-debian-clang | 0.1.4.2 | 24.22 | 148.20 | 172.42 | OK | |
r-devel-linux-x86_64-debian-gcc | 0.1.4.2 | 22.23 | 112.28 | 134.51 | OK | |
r-devel-linux-x86_64-fedora-clang | 0.1.4.2 | 277.33 | OK | |||
r-devel-linux-x86_64-fedora-gcc | 0.1.4.2 | 410.36 | OK | |||
r-devel-macos-arm64 | 0.1.4.2 | 127.00 | OK | |||
r-devel-macos-x86_64 | 0.1.4.2 | 245.00 | OK | |||
r-devel-windows-x86_64 | 0.1.4.2 | 29.00 | 159.00 | 188.00 | OK | |
r-patched-linux-x86_64 | 0.1.4.2 | 27.40 | 143.84 | 171.24 | OK | |
r-release-linux-x86_64 | 0.1.4.2 | 24.73 | 143.65 | 168.38 | OK | |
r-release-macos-arm64 | 0.1.4.2 | 124.00 | NOTE | |||
r-release-macos-x86_64 | 0.1.4.2 | 177.00 | NOTE | |||
r-release-windows-x86_64 | 0.1.4.2 | 29.00 | 155.00 | 184.00 | OK | |
r-oldrel-macos-arm64 | 0.1.4.2 | 132.00 | NOTE | |||
r-oldrel-macos-x86_64 | 0.1.4.2 | 299.00 | NOTE | |||
r-oldrel-windows-x86_64 | 0.1.4.2 | 39.00 | 200.00 | 239.00 | OK |
Version: 0.1.4.2
Check: installed package size
Result: NOTE
installed size is 5.1Mb
sub-directories of 1Mb or more:
R 1.1Mb
data 3.9Mb
Flavors: r-release-macos-arm64, r-release-macos-x86_64, r-oldrel-macos-arm64, r-oldrel-macos-x86_64
These binaries (installable software) and packages are in development.
They may not be fully stable and should be used with caution. We make no claims about them.