CRAN Package Check Results for Package MBSGS

Last updated on 2025-10-25 05:50:07 CEST.

Flavor Version Tinstall Tcheck Ttotal Status Flags
r-devel-linux-x86_64-debian-clang 1.1.0 9.14 69.90 79.04 NOTE
r-devel-linux-x86_64-debian-gcc 1.1.0 5.68 52.03 57.71 NOTE
r-devel-linux-x86_64-fedora-clang 1.1.0 18.00 102.55 120.55 OK
r-devel-linux-x86_64-fedora-gcc 1.1.0 32.00 88.77 120.77 OK
r-devel-windows-x86_64 1.1.0 9.00 74.00 83.00 OK
r-patched-linux-x86_64 1.1.0 8.84 66.36 75.20 OK
r-release-linux-x86_64 1.1.0 8.74 66.68 75.42 OK
r-release-macos-arm64 1.1.0 5.00 37.00 42.00 OK
r-release-macos-x86_64 1.1.0 9.00 69.00 78.00 OK
r-release-windows-x86_64 1.1.0 10.00 83.00 93.00 OK
r-oldrel-macos-arm64 1.1.0 4.00 31.00 35.00 OK
r-oldrel-macos-x86_64 1.1.0 6.00 48.00 54.00 OK
r-oldrel-windows-x86_64 1.1.0 13.00 94.00 107.00 OK

Check Details

Version: 1.1.0
Check: CRAN incoming feasibility
Result: NOTE Maintainer: ‘Benoit Liquet <benoit.liquet@qut.edu.au>’ No Authors@R field in DESCRIPTION. Please add one, modifying Authors@R: c(person(given = "Benoit", family = "Liquet", role = c("aut", "cre"), email = "benoit.liquet@qut.edu.au"), person(given = "Matthew", family = "Sutton", role = "aut")) as necessary. Flavors: r-devel-linux-x86_64-debian-clang, r-devel-linux-x86_64-debian-gcc

These binaries (installable software) and packages are in development.
They may not be fully stable and should be used with caution. We make no claims about them.