Last updated on 2025-05-01 17:56:08 CEST.
Flavor | Version | Tinstall | Tcheck | Ttotal | Status | Flags |
---|---|---|---|---|---|---|
r-devel-linux-x86_64-debian-clang | 4.0 | 7.16 | 62.34 | 69.50 | NOTE | |
r-devel-linux-x86_64-debian-gcc | 4.0 | 5.57 | 47.96 | 53.53 | NOTE | |
r-devel-linux-x86_64-fedora-clang | 4.0 | 108.25 | OK | |||
r-devel-linux-x86_64-fedora-gcc | 4.0 | 102.53 | OK | |||
r-devel-windows-x86_64 | 4.0 | 8.00 | 74.00 | 82.00 | OK | |
r-patched-linux-x86_64 | 4.0 | 7.69 | 59.40 | 67.09 | OK | |
r-release-linux-x86_64 | OK | |||||
r-release-macos-arm64 | 4.0 | 38.00 | OK | |||
r-release-macos-x86_64 | 4.0 | 62.00 | OK | |||
r-release-windows-x86_64 | 4.0 | 8.00 | 81.00 | 89.00 | OK | |
r-oldrel-macos-arm64 | 4.0 | 33.00 | OK | |||
r-oldrel-macos-x86_64 | 4.0 | 48.00 | OK | |||
r-oldrel-windows-x86_64 | 4.0 | 10.00 | 90.00 | 100.00 | OK |
Version: 4.0
Check: CRAN incoming feasibility
Result: NOTE
Maintainer: ‘Ray Bai <raybaistat@gmail.com>’
No Authors@R field in DESCRIPTION.
Please add one, modifying
Authors@R: c(person(given = "Ray",
family = "Bai",
role = c("aut", "cre"),
email = "raybaistat@gmail.com"),
person(given = "Malay",
family = "Ghosh",
role = "aut"))
as necessary.
Flavors: r-devel-linux-x86_64-debian-clang, r-devel-linux-x86_64-debian-gcc
These binaries (installable software) and packages are in development.
They may not be fully stable and should be used with caution. We make no claims about them.