Last updated on 2025-02-23 07:52:00 CET.
Flavor | Version | Tinstall | Tcheck | Ttotal | Status | Flags |
---|---|---|---|---|---|---|
r-devel-linux-x86_64-debian-clang | 1.2.2 | 19.48 | 89.17 | 108.65 | OK | |
r-devel-linux-x86_64-debian-gcc | 1.2.2 | 13.55 | 62.20 | 75.75 | OK | |
r-devel-linux-x86_64-fedora-clang | 1.2.2 | 173.53 | NOTE | |||
r-devel-linux-x86_64-fedora-gcc | 1.2.2 | 161.82 | NOTE | |||
r-devel-macos-arm64 | 1.2.2 | 51.00 | OK | |||
r-devel-macos-x86_64 | 1.2.2 | 103.00 | OK | |||
r-devel-windows-x86_64 | 1.2.2 | 24.00 | 117.00 | 141.00 | OK | |
r-patched-linux-x86_64 | 1.2.2 | 17.26 | 83.12 | 100.38 | OK | |
r-release-linux-x86_64 | 1.2.2 | 18.40 | 83.20 | 101.60 | OK | |
r-release-macos-arm64 | 1.2.2 | 51.00 | OK | |||
r-release-macos-x86_64 | 1.2.2 | 83.00 | OK | |||
r-release-windows-x86_64 | 1.2.2 | 23.00 | 119.00 | 142.00 | OK | |
r-oldrel-macos-arm64 | 1.2.2 | 55.00 | OK | |||
r-oldrel-macos-x86_64 | 1.2.2 | 106.00 | OK | |||
r-oldrel-windows-x86_64 | 1.2.2 | 29.00 | 145.00 | 174.00 | OK |
Version: 1.2.2
Check: dependencies in R code
Result: NOTE
Namespaces in Imports field not imported from:
‘MASS’ ‘Rdpack’ ‘copula’ ‘missMethods’
All declared Imports should be used.
Flavors: r-devel-linux-x86_64-fedora-clang, r-devel-linux-x86_64-fedora-gcc
These binaries (installable software) and packages are in development.
They may not be fully stable and should be used with caution. We make no claims about them.