Last updated on 2024-07-27 15:50:25 CEST.
Flavor | Version | Tinstall | Tcheck | Ttotal | Status | Flags |
---|---|---|---|---|---|---|
r-devel-linux-x86_64-debian-clang | 1.2.1 | 26.21 | 129.84 | 156.05 | OK | |
r-devel-linux-x86_64-debian-gcc | 1.2.1 | OK | ||||
r-devel-linux-x86_64-fedora-clang | 1.2.1 | 208.08 | NOTE | |||
r-devel-linux-x86_64-fedora-gcc | 1.2.1 | 205.17 | NOTE | |||
r-devel-windows-x86_64 | 1.2.1 | 21.00 | 124.00 | 145.00 | OK | |
r-patched-linux-x86_64 | 1.2.1 | OK | ||||
r-release-linux-x86_64 | 1.2.1 | 15.53 | 123.96 | 139.49 | OK | |
r-release-macos-arm64 | 1.2.1 | 53.00 | OK | |||
r-release-macos-x86_64 | 1.2.1 | 76.00 | OK | |||
r-release-windows-x86_64 | 1.2.1 | 26.00 | 126.00 | 152.00 | OK | |
r-oldrel-macos-arm64 | 1.2.1 | 64.00 | OK | |||
r-oldrel-macos-x86_64 | 1.2.1 | 134.00 | OK | |||
r-oldrel-windows-x86_64 | 1.2.1 | 30.00 | 161.00 | 191.00 | OK |
Version: 1.2.1
Check: dependencies in R code
Result: NOTE
Namespaces in Imports field not imported from:
‘MASS’ ‘Rdpack’ ‘copula’ ‘missMethods’
All declared Imports should be used.
Flavors: r-devel-linux-x86_64-fedora-clang, r-devel-linux-x86_64-fedora-gcc
These binaries (installable software) and packages are in development.
They may not be fully stable and should be used with caution. We make no claims about them.