CRAN Package Check Results for Package MCBackscattering

Last updated on 2025-11-11 15:50:38 CET.

Flavor Version Tinstall Tcheck Ttotal Status Flags
r-devel-linux-x86_64-debian-clang 0.1.1 2.13 31.38 33.51 NOTE
r-devel-linux-x86_64-debian-gcc 0.1.1 1.62 23.32 24.94 NOTE
r-devel-linux-x86_64-fedora-clang 0.1.1 10.00 41.56 51.56 OK
r-devel-linux-x86_64-fedora-gcc 0.1.1 48.99 OK
r-devel-windows-x86_64 0.1.1 4.00 46.00 50.00 OK
r-patched-linux-x86_64 0.1.1 2.69 29.77 32.46 OK
r-release-linux-x86_64 0.1.1 2.11 29.47 31.58 OK
r-release-macos-arm64 0.1.1 1.00 20.00 21.00 OK
r-release-macos-x86_64 0.1.1 2.00 29.00 31.00 OK
r-release-windows-x86_64 0.1.1 3.00 44.00 47.00 OK
r-oldrel-macos-arm64 0.1.1 1.00 16.00 17.00 NOTE
r-oldrel-macos-x86_64 0.1.1 2.00 38.00 40.00 NOTE
r-oldrel-windows-x86_64 0.1.1 4.00 46.00 50.00 NOTE

Check Details

Version: 0.1.1
Check: CRAN incoming feasibility
Result: NOTE Maintainer: ‘Laszlo Baranyai <Baranyai.Laszlo@etk.szie.hu>’ No Authors@R field in DESCRIPTION. Please add one, modifying Authors@R: person(given = "Laszlo", family = "Baranyai", role = c("aut", "cre"), email = "lbaranyai@atb-potsdam.de") as necessary. Flavors: r-devel-linux-x86_64-debian-clang, r-devel-linux-x86_64-debian-gcc

Version: 0.1.1
Check: LazyData
Result: NOTE 'LazyData' is specified without a 'data' directory Flavors: r-oldrel-macos-arm64, r-oldrel-macos-x86_64, r-oldrel-windows-x86_64

These binaries (installable software) and packages are in development.
They may not be fully stable and should be used with caution. We make no claims about them.