Last updated on 2025-11-11 15:50:38 CET.
| Flavor | Version | Tinstall | Tcheck | Ttotal | Status | Flags |
|---|---|---|---|---|---|---|
| r-devel-linux-x86_64-debian-clang | 1.3.3 | 3.03 | 55.94 | 58.97 | NOTE | |
| r-devel-linux-x86_64-debian-gcc | 1.3.3 | 2.30 | 38.55 | 40.85 | NOTE | |
| r-devel-linux-x86_64-fedora-clang | 1.3.3 | 11.00 | 81.54 | 92.54 | OK | |
| r-devel-linux-x86_64-fedora-gcc | 1.3.3 | 13.00 | 75.38 | 88.38 | OK | |
| r-devel-windows-x86_64 | 1.3.3 | 4.00 | 78.00 | 82.00 | OK | |
| r-patched-linux-x86_64 | 1.3.3 | 4.09 | 51.39 | 55.48 | OK | |
| r-release-linux-x86_64 | 1.3.3 | 2.99 | 51.58 | 54.57 | OK | |
| r-release-macos-arm64 | 1.3.3 | 2.00 | 30.00 | 32.00 | OK | |
| r-release-macos-x86_64 | 1.3.3 | 2.00 | 44.00 | 46.00 | OK | |
| r-release-windows-x86_64 | 1.3.3 | 5.00 | 70.00 | 75.00 | OK | |
| r-oldrel-macos-arm64 | 1.3.3 | 2.00 | 23.00 | 25.00 | OK | |
| r-oldrel-macos-x86_64 | 1.3.3 | 4.00 | 61.00 | 65.00 | OK | |
| r-oldrel-windows-x86_64 | 1.3.3 | 5.00 | 70.00 | 75.00 | OK |
Version: 1.3.3
Check: CRAN incoming feasibility
Result: NOTE
Maintainer: ‘Thomas Wieland <thomas.wieland.geo@googlemail.com>’
No Authors@R field in DESCRIPTION.
Please add one, modifying
Authors@R: person(given = "Thomas",
family = "Wieland",
role = c("aut", "cre"),
email = "thomas.wieland.geo@googlemail.com")
as necessary.
Package CITATION file contains call(s) to old-style citEntry(). Please
use bibentry() instead.
Flavors: r-devel-linux-x86_64-debian-clang, r-devel-linux-x86_64-debian-gcc
These binaries (installable software) and packages are in development.
They may not be fully stable and should be used with caution. We make no claims about them.