CRAN Package Check Results for Package MCI

Last updated on 2025-07-01 15:49:54 CEST.

Flavor Version Tinstall Tcheck Ttotal Status Flags
r-devel-linux-x86_64-debian-clang 1.3.3 3.14 51.73 54.87 NOTE
r-devel-linux-x86_64-debian-gcc 1.3.3 2.17 37.06 39.23 NOTE
r-devel-linux-x86_64-fedora-clang 1.3.3 87.59 OK
r-devel-linux-x86_64-fedora-gcc 1.3.3 84.86 OK
r-devel-windows-x86_64 1.3.3 5.00 73.00 78.00 OK
r-patched-linux-x86_64 OK
r-release-linux-x86_64 1.3.3 2.99 48.73 51.72 OK
r-release-macos-arm64 1.3.3 32.00 OK
r-release-macos-x86_64 1.3.3 46.00 OK
r-release-windows-x86_64 1.3.3 4.00 73.00 77.00 OK
r-oldrel-macos-arm64 1.3.3 25.00 OK
r-oldrel-macos-x86_64 1.3.3 65.00 OK
r-oldrel-windows-x86_64 1.3.3 5.00 70.00 75.00 OK

Check Details

Version: 1.3.3
Check: CRAN incoming feasibility
Result: NOTE Maintainer: ‘Thomas Wieland <thomas.wieland.geo@googlemail.com>’ No Authors@R field in DESCRIPTION. Please add one, modifying Authors@R: person(given = "Thomas", family = "Wieland", role = c("aut", "cre"), email = "thomas.wieland.geo@googlemail.com") as necessary. Package CITATION file contains call(s) to old-style citEntry(). Please use bibentry() instead. Flavors: r-devel-linux-x86_64-debian-clang, r-devel-linux-x86_64-debian-gcc

These binaries (installable software) and packages are in development.
They may not be fully stable and should be used with caution. We make no claims about them.