Last updated on 2025-11-11 15:50:38 CET.
| Flavor | Version | Tinstall | Tcheck | Ttotal | Status | Flags |
|---|---|---|---|---|---|---|
| r-devel-linux-x86_64-debian-clang | 1.2.4 | 12.26 | 111.37 | 123.63 | NOTE | |
| r-devel-linux-x86_64-debian-gcc | 1.2.4 | 8.39 | 78.08 | 86.47 | NOTE | |
| r-devel-linux-x86_64-fedora-clang | 1.2.4 | 49.00 | 155.83 | 204.83 | NOTE | |
| r-devel-linux-x86_64-fedora-gcc | 1.2.4 | 25.00 | 156.55 | 181.55 | NOTE | |
| r-devel-windows-x86_64 | 1.2.4 | 12.00 | 118.00 | 130.00 | NOTE | |
| r-patched-linux-x86_64 | 1.2.4 | 11.59 | 105.05 | 116.64 | OK | |
| r-release-macos-arm64 | 1.2.4 | 6.00 | 50.00 | 56.00 | OK | |
| r-release-macos-x86_64 | 1.2.4 | 15.00 | 114.00 | 129.00 | OK | |
| r-oldrel-macos-arm64 | 1.2.4 | 10.00 | 74.00 | 84.00 | OK | |
| r-oldrel-macos-x86_64 | 1.2.4 | 14.00 | 112.00 | 126.00 | OK | |
| r-oldrel-windows-x86_64 | 1.2.4 | 18.00 | 153.00 | 171.00 | OK |
Version: 1.2.4
Check: CRAN incoming feasibility
Result: NOTE
Maintainer: ‘Mikhail V. Matz <matz@utexas.edu>’
No Authors@R field in DESCRIPTION.
Please add one, modifying
Authors@R: person(given = c("Mikhail", "V."),
family = "Matz",
role = c("aut", "cre"),
email = "matz@utexas.edu")
as necessary.
Flavors: r-devel-linux-x86_64-debian-clang, r-devel-linux-x86_64-debian-gcc
Version: 1.2.4
Check: Rd files
Result: NOTE
checkRd: (-1) MCMC.qpcr-package.Rd:30-36: Only 2 columns allowed in this table (row 1 has 1)
checkRd: (-1) MCMC.qpcr-package.Rd:30-36: Only 2 columns allowed in this table (row 2 has 1)
checkRd: (-1) MCMC.qpcr-package.Rd:30-36: Only 2 columns allowed in this table (row 3 has 1)
checkRd: (-1) MCMC.qpcr-package.Rd:30-36: Only 2 columns allowed in this table (row 4 has 1)
checkRd: (-1) MCMC.qpcr-package.Rd:30-36: Only 2 columns allowed in this table (row 5 has 1)
Flavors: r-devel-linux-x86_64-debian-clang, r-devel-linux-x86_64-debian-gcc, r-devel-linux-x86_64-fedora-clang, r-devel-linux-x86_64-fedora-gcc, r-devel-windows-x86_64
These binaries (installable software) and packages are in development.
They may not be fully stable and should be used with caution. We make no claims about them.