CRAN Package Check Results for Package MCMCglmm

Last updated on 2025-07-05 01:49:26 CEST.

Flavor Version Tinstall Tcheck Ttotal Status Flags
r-devel-linux-x86_64-debian-clang 2.36 52.74 93.89 146.63 NOTE
r-devel-linux-x86_64-debian-gcc 2.36 39.76 66.52 106.28 NOTE
r-devel-linux-x86_64-fedora-clang 2.36 233.40 OK
r-devel-linux-x86_64-fedora-gcc 2.36 214.14 OK
r-devel-windows-x86_64 2.36 78.00 114.00 192.00 OK
r-patched-linux-x86_64 2.36 49.70 88.00 137.70 OK
r-release-linux-x86_64 2.36 48.55 89.11 137.66 OK
r-release-macos-arm64 2.36 65.00 OK
r-release-macos-x86_64 2.36 116.00 OK
r-release-windows-x86_64 2.36 85.00 116.00 201.00 OK
r-oldrel-macos-arm64 2.36 66.00 OK
r-oldrel-macos-x86_64 2.36 85.00 OK
r-oldrel-windows-x86_64 2.36 98.00 140.00 238.00 OK

Check Details

Version: 2.36
Check: CRAN incoming feasibility
Result: NOTE Maintainer: ‘Jarrod Hadfield <j.hadfield@ed.ac.uk>’ No Authors@R field in DESCRIPTION. Please add one, modifying Authors@R: person(given = "Jarrod", family = "Hadfield", role = c("aut", "cre"), email = "j.hadfield@ed.ac.uk") as necessary. Flavors: r-devel-linux-x86_64-debian-clang, r-devel-linux-x86_64-debian-gcc

These binaries (installable software) and packages are in development.
They may not be fully stable and should be used with caution. We make no claims about them.