Last updated on 2025-11-11 15:50:38 CET.
| Flavor | Version | Tinstall | Tcheck | Ttotal | Status | Flags |
|---|---|---|---|---|---|---|
| r-devel-linux-x86_64-debian-clang | 0.4.2 | 76.70 | 64.20 | 140.90 | OK | |
| r-devel-linux-x86_64-debian-gcc | 0.4.2 | 51.92 | 51.87 | 103.79 | OK | |
| r-devel-linux-x86_64-fedora-clang | 0.4.2 | 227.00 | 28.40 | 255.40 | OK | |
| r-devel-linux-x86_64-fedora-gcc | 0.4.2 | 210.00 | 62.23 | 272.23 | OK | |
| r-devel-windows-x86_64 | 0.4.2 | 81.00 | 94.00 | 175.00 | OK | |
| r-patched-linux-x86_64 | 0.4.2 | 82.65 | 64.86 | 147.51 | OK | |
| r-release-linux-x86_64 | 0.4.2 | 76.46 | 64.92 | 141.38 | OK | |
| r-release-macos-arm64 | 0.4.2 | 29.00 | 51.00 | 80.00 | OK | |
| r-release-macos-x86_64 | 0.4.2 | 40.00 | 69.00 | 109.00 | OK | |
| r-release-windows-x86_64 | 0.4.2 | 83.00 | 100.00 | 183.00 | OK | |
| r-oldrel-macos-arm64 | 0.4.2 | 30.00 | 39.00 | 69.00 | NOTE | |
| r-oldrel-macos-x86_64 | 0.4.2 | 37.00 | 113.00 | 150.00 | NOTE | |
| r-oldrel-windows-x86_64 | 0.4.2 | 99.00 | 122.00 | 221.00 | OK |
Version: 0.4.2
Check: installed package size
Result: NOTE
installed size is 20.0Mb
sub-directories of 1Mb or more:
libs 19.5Mb
Flavors: r-oldrel-macos-arm64, r-oldrel-macos-x86_64
These binaries (installable software) and packages are in development.
They may not be fully stable and should be used with caution. We make no claims about them.