Last updated on 2025-02-16 10:50:52 CET.
Flavor | Version | Tinstall | Tcheck | Ttotal | Status | Flags |
---|---|---|---|---|---|---|
r-devel-linux-x86_64-debian-clang | 0.4.0 | 70.37 | 61.70 | 132.07 | NOTE | |
r-devel-linux-x86_64-debian-gcc | 0.4.0 | 55.45 | 48.94 | 104.39 | NOTE | |
r-devel-linux-x86_64-fedora-clang | 0.4.0 | 234.38 | NOTE | |||
r-devel-linux-x86_64-fedora-gcc | 0.4.0 | 270.68 | NOTE | |||
r-devel-macos-arm64 | 0.4.0 | 65.00 | NOTE | |||
r-devel-macos-x86_64 | 0.4.0 | 130.00 | NOTE | |||
r-devel-windows-x86_64 | 0.4.0 | 73.00 | 98.00 | 171.00 | NOTE | |
r-patched-linux-x86_64 | 0.4.0 | 76.96 | 61.91 | 138.87 | NOTE | |
r-release-linux-x86_64 | 0.4.0 | 75.15 | 61.53 | 136.68 | NOTE | |
r-release-macos-arm64 | 0.4.0 | 65.00 | NOTE | |||
r-release-macos-x86_64 | 0.4.0 | 82.00 | NOTE | |||
r-release-windows-x86_64 | 0.4.0 | 75.00 | 101.00 | 176.00 | NOTE | |
r-oldrel-macos-arm64 | 0.4.0 | 81.00 | NOTE | |||
r-oldrel-macos-x86_64 | 0.4.0 | 123.00 | NOTE | |||
r-oldrel-windows-x86_64 | 0.4.0 | 90.00 | 116.00 | 206.00 | NOTE |
Version: 0.4.0
Check: C++ specification
Result: NOTE
Specified C++11: please drop specification unless essential
Flavors: r-devel-linux-x86_64-debian-clang, r-devel-linux-x86_64-debian-gcc, r-devel-linux-x86_64-fedora-clang, r-devel-linux-x86_64-fedora-gcc, r-devel-macos-arm64, r-devel-macos-x86_64, r-devel-windows-x86_64, r-patched-linux-x86_64, r-release-linux-x86_64, r-release-macos-arm64, r-release-macos-x86_64, r-release-windows-x86_64, r-oldrel-macos-arm64, r-oldrel-macos-x86_64, r-oldrel-windows-x86_64
Version: 0.4.0
Check: LazyData
Result: NOTE
'LazyData' is specified without a 'data' directory
Flavors: r-patched-linux-x86_64, r-release-linux-x86_64, r-release-macos-arm64, r-release-macos-x86_64, r-release-windows-x86_64, r-oldrel-macos-arm64, r-oldrel-macos-x86_64, r-oldrel-windows-x86_64
Version: 0.4.0
Check: installed package size
Result: NOTE
installed size is 19.6Mb
sub-directories of 1Mb or more:
libs 19.1Mb
Flavors: r-release-macos-arm64, r-release-macos-x86_64, r-oldrel-macos-arm64, r-oldrel-macos-x86_64
These binaries (installable software) and packages are in development.
They may not be fully stable and should be used with caution. We make no claims about them.