Last updated on 2025-11-12 12:53:14 CET.
| Flavor | Version | Tinstall | Tcheck | Ttotal | Status | Flags |
|---|---|---|---|---|---|---|
| r-devel-linux-x86_64-debian-clang | 0.4.0 | 6.38 | 50.69 | 57.07 | NOTE | |
| r-devel-linux-x86_64-debian-gcc | 0.6.0 | 4.50 | 36.06 | 40.56 | OK | |
| r-devel-linux-x86_64-fedora-clang | 0.6.0 | 11.00 | 76.96 | 87.96 | OK | |
| r-devel-linux-x86_64-fedora-gcc | 0.6.0 | 15.00 | 68.88 | 83.88 | OK | |
| r-devel-windows-x86_64 | 0.4.0 | 9.00 | 62.00 | 71.00 | NOTE | |
| r-patched-linux-x86_64 | 0.4.0 | 6.94 | 46.16 | 53.10 | NOTE | |
| r-release-linux-x86_64 | 0.4.0 | 5.86 | 46.13 | 51.99 | NOTE | |
| r-release-macos-arm64 | 0.6.0 | 3.00 | 25.00 | 28.00 | OK | |
| r-release-macos-x86_64 | 0.6.0 | 5.00 | 50.00 | 55.00 | OK | |
| r-release-windows-x86_64 | 0.6.0 | 17.00 | 63.00 | 80.00 | OK | |
| r-oldrel-macos-arm64 | 0.6.0 | 3.00 | 30.00 | 33.00 | OK | |
| r-oldrel-macos-x86_64 | 0.6.0 | 7.00 | 57.00 | 64.00 | OK | |
| r-oldrel-windows-x86_64 | 0.6.0 | 12.00 | 79.00 | 91.00 | OK |
Version: 0.4.0
Check: DESCRIPTION meta-information
Result: NOTE
Missing dependency on R >= 4.1.0 because package code uses the pipe
|> or function shorthand \(...) syntax added in R 4.1.0.
File(s) using such syntax:
‘left_join_codebook.Rd’ ‘setup_dir.R’
Flavors: r-devel-linux-x86_64-debian-clang, r-devel-windows-x86_64, r-patched-linux-x86_64, r-release-linux-x86_64
These binaries (installable software) and packages are in development.
They may not be fully stable and should be used with caution. We make no claims about them.