Last updated on 2025-05-08 04:52:10 CEST.
Flavor | Version | Tinstall | Tcheck | Ttotal | Status | Flags |
---|---|---|---|---|---|---|
r-devel-linux-x86_64-debian-clang | 0.4.0 | 5.85 | 43.23 | 49.08 | NOTE | |
r-devel-linux-x86_64-debian-gcc | 0.4.0 | 4.16 | 31.48 | 35.64 | NOTE | |
r-devel-linux-x86_64-fedora-clang | 0.4.0 | 71.86 | NOTE | |||
r-devel-linux-x86_64-fedora-gcc | 0.4.0 | 71.64 | NOTE | |||
r-devel-windows-x86_64 | 0.4.0 | 8.00 | 58.00 | 66.00 | NOTE | |
r-patched-linux-x86_64 | 0.4.0 | 5.04 | 40.01 | 45.05 | NOTE | |
r-release-linux-x86_64 | 0.4.0 | 5.66 | 39.79 | 45.45 | NOTE | |
r-release-macos-arm64 | 0.4.0 | 42.00 | NOTE | |||
r-release-macos-x86_64 | 0.4.0 | 44.00 | NOTE | |||
r-release-windows-x86_64 | 0.4.0 | 8.00 | 60.00 | 68.00 | NOTE | |
r-oldrel-macos-arm64 | 0.4.0 | 25.00 | OK | |||
r-oldrel-macos-x86_64 | 0.4.0 | 37.00 | OK | |||
r-oldrel-windows-x86_64 | 0.4.0 | 10.00 | 69.00 | 79.00 | OK |
Version: 0.4.0
Check: DESCRIPTION meta-information
Result: NOTE
Missing dependency on R >= 4.1.0 because package code uses the pipe
|> or function shorthand \(...) syntax added in R 4.1.0.
File(s) using such syntax:
‘left_join_codebook.Rd’ ‘setup_dir.R’
Flavors: r-devel-linux-x86_64-debian-clang, r-devel-linux-x86_64-debian-gcc, r-devel-linux-x86_64-fedora-clang, r-devel-linux-x86_64-fedora-gcc, r-devel-windows-x86_64, r-patched-linux-x86_64, r-release-linux-x86_64, r-release-macos-arm64, r-release-macos-x86_64, r-release-windows-x86_64
These binaries (installable software) and packages are in development.
They may not be fully stable and should be used with caution. We make no claims about them.