Last updated on 2025-10-24 03:50:36 CEST.
| Flavor | Version | Tinstall | Tcheck | Ttotal | Status | Flags |
|---|---|---|---|---|---|---|
| r-devel-linux-x86_64-debian-clang | 1.1-21 | 12.82 | 97.65 | 110.47 | NOTE | |
| r-devel-linux-x86_64-debian-gcc | 1.1-21 | 8.30 | 71.67 | 79.97 | OK | |
| r-devel-linux-x86_64-fedora-clang | 1.1-21 | 51.00 | 128.60 | 179.60 | OK | |
| r-devel-linux-x86_64-fedora-gcc | 1.1-21 | 48.00 | 121.89 | 169.89 | OK | |
| r-devel-windows-x86_64 | 1.1-21 | 13.00 | 116.00 | 129.00 | OK | |
| r-patched-linux-x86_64 | 1.1-21 | 12.05 | 93.49 | 105.54 | OK | |
| r-release-linux-x86_64 | 1.1-21 | 11.95 | 93.33 | 105.28 | OK | |
| r-release-macos-arm64 | 1.1-21 | 7.00 | 52.00 | 59.00 | OK | |
| r-release-macos-x86_64 | 1.1-21 | 14.00 | 98.00 | 112.00 | OK | |
| r-release-windows-x86_64 | 1.1-21 | 14.00 | 118.00 | 132.00 | OK | |
| r-oldrel-macos-arm64 | 1.1-21 | 5.00 | 34.00 | 39.00 | OK | |
| r-oldrel-macos-x86_64 | 1.1-21 | 7.00 | 55.00 | 62.00 | OK | |
| r-oldrel-windows-x86_64 | 1.1-21 | 19.00 | 144.00 | 163.00 | OK |
Version: 1.1-21
Check: HTML version of manual
Result: NOTE
Found the following HTML validation problems:
Shannon.html:46:1 (Shannon.Rd:13): Warning: missing </ul> before </div>
Simpson.html:46:1 (Simpson.Rd:12): Warning: missing </ul> before </div>
estSimpson.html:46:1 (estSimpson.Rd:13): Warning: missing </ul> before </div>
Flavor: r-devel-linux-x86_64-debian-clang
These binaries (installable software) and packages are in development.
They may not be fully stable and should be used with caution. We make no claims about them.